{"id":13090,"date":"2023-02-28T09:20:58","date_gmt":"2023-02-28T09:20:58","guid":{"rendered":"https:\/\/roza-sobieszek.pl\/sklep\/?post_type=product&#038;p=13090"},"modified":"2026-03-27T14:35:05","modified_gmt":"2026-03-27T14:35:05","slug":"roza-pnaca-zazdrosc-sasiadki","status":"publish","type":"product","link":"https:\/\/roza-sobieszek.pl\/sklep\/produkt\/roza-pnaca-zazdrosc-sasiadki\/","title":{"rendered":"R\u00f3\u017ca Pn\u0105ca Zazdro\u015b\u0107 S\u0105siadki\u00ae"},"content":{"rendered":"<h2>Zazdro\u015b\u0107 S\u0105siadki\u00ae<\/h2>\n<p>Nowa odmiana polskiego hodowcy \u0141ukasza Rojewskiego. Jest to r\u00f3\u017ca pn\u0105ca o niezwykle romantycznych kwiatach, kt\u00f3re posiadaj\u0105 przepi\u0119kny kremowo r\u00f3\u017cowy kolor, a od ich pe\u0142nych pak\u00f3w nie mo\u017cna oderwa\u0107 oczu. Dope\u0142nieniem ich cudownego wizerunku jest bardzo silny, urzekaj\u0105cy zapach. R\u00f3\u017ca ta osi\u0105ga wysoko\u015b\u0107 oko\u0142o 250cm i bardzo dobrze si\u0119 pnie. Dodatkow\u0105 zaleta tej\u017ce odmiany jest doskona\u0142a odporno\u015b\u0107 na niskie temperatury oraz bardzo dobra zdrowotno\u015b\u0107 krzewu. Ju\u017c sama nazwa nadana przez hodowc\u0119 daje nam do zrozumienia, \u017ce naprawd\u0119 warto mie\u0107 j\u0105 w swoim ogrodzie.<\/p>\n<p>&nbsp;<\/p>\n<p>&nbsp;<\/p>\n<p>&nbsp;<\/p>\n","protected":false},"excerpt":{"rendered":"<p>Nowo\u015b\u0107 polskiego hodowcy<\/p>\n<p>Zazdro\u015b\u0107 S\u0105siadki\u00ae<\/p>\n<ul>\n<li>Nazwa: Zazdro\u015b\u0107 S\u0105siadki\u00ae<\/li>\n<li>Kolor: r\u00f3\u017cowo kremowy<\/li>\n<li>Wzrost: 250 cm<\/li>\n<li>Wielko\u015b\u0107 kwiatu: pe\u0142ny<\/li>\n<li>Zapach: intensywny<\/li>\n<li>Odporno\u015b\u0107 na choroby: bardzo dobra<\/li>\n<li>Stanowisko: s\u0142oneczne<\/li>\n<li>Okres kwitnienia: VI \u2013 X<\/li>\n<li>Powtarza kwitnienie: tak<\/li>\n<li>Typ: pnaca<\/li>\n<li>Mrozoodporno\u015b\u0107: wysoka<\/li>\n<\/ul>\n","protected":false},"featured_media":13190,"comment_status":"open","ping_status":"closed","template":"","meta":[],"product_brand":[],"product_cat":[209,157],"product_tag":[247,258,259],"yoast_head":"<!-- This site is optimized with the Yoast SEO plugin v23.5 - https:\/\/yoast.com\/wordpress\/plugins\/seo\/ -->\n<title>R\u00f3\u017ca Pn\u0105ca Zazdro\u015b\u0107 S\u0105siadki\u00ae - R\u00f3\u017ce ogrodowe - Sklep Sobieszek producent<\/title>\n<meta name=\"description\" content=\"Jest to r\u00f3\u017ca pn\u0105ca o niezwykle romantycznych kwiatach, kt\u00f3re posiadaj\u0105 przepi\u0119kny kremowo r\u00f3\u017cowy kolor, a od ich pe\u0142nych pak\u00f3w nie mo\u017cna oderwa\u0107 oczu.\" \/>\n<meta name=\"robots\" content=\"index, follow, max-snippet:-1, max-image-preview:large, max-video-preview:-1\" \/>\n<link rel=\"canonical\" href=\"https:\/\/roza-sobieszek.pl\/sklep\/produkt\/roza-pnaca-zazdrosc-sasiadki\/\" \/>\n<meta property=\"og:locale\" content=\"pl_PL\" \/>\n<meta property=\"og:type\" content=\"article\" \/>\n<meta property=\"og:title\" content=\"R\u00f3\u017ca Pn\u0105ca Zazdro\u015b\u0107 S\u0105siadki\u00ae - R\u00f3\u017ce ogrodowe - Sklep Sobieszek producent\" \/>\n<meta property=\"og:description\" content=\"Jest to r\u00f3\u017ca pn\u0105ca o niezwykle romantycznych kwiatach, kt\u00f3re posiadaj\u0105 przepi\u0119kny kremowo r\u00f3\u017cowy kolor, a od ich pe\u0142nych pak\u00f3w nie mo\u017cna oderwa\u0107 oczu.\" \/>\n<meta property=\"og:url\" content=\"https:\/\/roza-sobieszek.pl\/sklep\/produkt\/roza-pnaca-zazdrosc-sasiadki\/\" \/>\n<meta property=\"og:site_name\" content=\"R\u00f3\u017ce ogrodowe - Sklep Sobieszek producent\" \/>\n<meta property=\"article:publisher\" content=\"https:\/\/www.facebook.com\/profile.php?id=100063681485170\" \/>\n<meta property=\"article:modified_time\" content=\"2026-03-27T14:35:05+00:00\" \/>\n<meta property=\"og:image\" content=\"https:\/\/roza-sobieszek.pl\/sklep\/wp-content\/uploads\/2023\/02\/Zazdrosc-Sasiadki-11-scaled.jpg\" \/>\n\t<meta property=\"og:image:width\" content=\"1891\" \/>\n\t<meta property=\"og:image:height\" content=\"2560\" \/>\n\t<meta property=\"og:image:type\" content=\"image\/jpeg\" \/>\n<meta name=\"twitter:card\" content=\"summary_large_image\" \/>\n<meta name=\"twitter:label1\" content=\"Szacowany czas czytania\" \/>\n\t<meta name=\"twitter:data1\" content=\"1 minuta\" \/>\n<script type=\"application\/ld+json\" class=\"yoast-schema-graph\">{\"@context\":\"https:\/\/schema.org\",\"@graph\":[{\"@type\":\"WebPage\",\"@id\":\"https:\/\/roza-sobieszek.pl\/sklep\/produkt\/roza-pnaca-zazdrosc-sasiadki\/\",\"url\":\"https:\/\/roza-sobieszek.pl\/sklep\/produkt\/roza-pnaca-zazdrosc-sasiadki\/\",\"name\":\"R\u00f3\u017ca Pn\u0105ca Zazdro\u015b\u0107 S\u0105siadki\u00ae - R\u00f3\u017ce ogrodowe - Sklep Sobieszek producent\",\"isPartOf\":{\"@id\":\"https:\/\/roza-sobieszek.pl\/sklep\/#website\"},\"primaryImageOfPage\":{\"@id\":\"https:\/\/roza-sobieszek.pl\/sklep\/produkt\/roza-pnaca-zazdrosc-sasiadki\/#primaryimage\"},\"image\":{\"@id\":\"https:\/\/roza-sobieszek.pl\/sklep\/produkt\/roza-pnaca-zazdrosc-sasiadki\/#primaryimage\"},\"thumbnailUrl\":\"https:\/\/roza-sobieszek.pl\/sklep\/wp-content\/uploads\/2023\/02\/Zazdrosc-Sasiadki-11-scaled.jpg\",\"datePublished\":\"2023-02-28T09:20:58+00:00\",\"dateModified\":\"2026-03-27T14:35:05+00:00\",\"description\":\"Jest to r\u00f3\u017ca pn\u0105ca o niezwykle romantycznych kwiatach, kt\u00f3re posiadaj\u0105 przepi\u0119kny kremowo r\u00f3\u017cowy kolor, a od ich pe\u0142nych pak\u00f3w nie mo\u017cna oderwa\u0107 oczu.\",\"breadcrumb\":{\"@id\":\"https:\/\/roza-sobieszek.pl\/sklep\/produkt\/roza-pnaca-zazdrosc-sasiadki\/#breadcrumb\"},\"inLanguage\":\"pl-PL\",\"potentialAction\":[{\"@type\":\"ReadAction\",\"target\":[\"https:\/\/roza-sobieszek.pl\/sklep\/produkt\/roza-pnaca-zazdrosc-sasiadki\/\"]}]},{\"@type\":\"ImageObject\",\"inLanguage\":\"pl-PL\",\"@id\":\"https:\/\/roza-sobieszek.pl\/sklep\/produkt\/roza-pnaca-zazdrosc-sasiadki\/#primaryimage\",\"url\":\"https:\/\/roza-sobieszek.pl\/sklep\/wp-content\/uploads\/2023\/02\/Zazdrosc-Sasiadki-11-scaled.jpg\",\"contentUrl\":\"https:\/\/roza-sobieszek.pl\/sklep\/wp-content\/uploads\/2023\/02\/Zazdrosc-Sasiadki-11-scaled.jpg\",\"width\":1891,\"height\":2560},{\"@type\":\"BreadcrumbList\",\"@id\":\"https:\/\/roza-sobieszek.pl\/sklep\/produkt\/roza-pnaca-zazdrosc-sasiadki\/#breadcrumb\",\"itemListElement\":[{\"@type\":\"ListItem\",\"position\":1,\"name\":\"Strona g\u0142\u00f3wna\",\"item\":\"https:\/\/roza-sobieszek.pl\/sklep\/\"},{\"@type\":\"ListItem\",\"position\":2,\"name\":\"Shop\",\"item\":\"https:\/\/roza-sobieszek.pl\/sklep\/shop\/\"},{\"@type\":\"ListItem\",\"position\":3,\"name\":\"R\u00f3\u017ca Pn\u0105ca Zazdro\u015b\u0107 S\u0105siadki\u00ae\"}]},{\"@type\":\"WebSite\",\"@id\":\"https:\/\/roza-sobieszek.pl\/sklep\/#website\",\"url\":\"https:\/\/roza-sobieszek.pl\/sklep\/\",\"name\":\"R\u00f3\u017ce ogrodowe - Sklep Sobieszek producent\",\"description\":\"\",\"publisher\":{\"@id\":\"https:\/\/roza-sobieszek.pl\/sklep\/#organization\"},\"potentialAction\":[{\"@type\":\"SearchAction\",\"target\":{\"@type\":\"EntryPoint\",\"urlTemplate\":\"https:\/\/roza-sobieszek.pl\/sklep\/?s={search_term_string}\"},\"query-input\":{\"@type\":\"PropertyValueSpecification\",\"valueRequired\":true,\"valueName\":\"search_term_string\"}}],\"inLanguage\":\"pl-PL\"},{\"@type\":\"Organization\",\"@id\":\"https:\/\/roza-sobieszek.pl\/sklep\/#organization\",\"name\":\"R\u00f3\u017ce ogrodowe - Sklep Sobieszek producent\",\"url\":\"https:\/\/roza-sobieszek.pl\/sklep\/\",\"logo\":{\"@type\":\"ImageObject\",\"inLanguage\":\"pl-PL\",\"@id\":\"https:\/\/roza-sobieszek.pl\/sklep\/#\/schema\/logo\/image\/\",\"url\":\"https:\/\/roza-sobieszek.pl\/sklep\/wp-content\/uploads\/2016\/08\/IMG_0358-1.jpg\",\"contentUrl\":\"https:\/\/roza-sobieszek.pl\/sklep\/wp-content\/uploads\/2016\/08\/IMG_0358-1.jpg\",\"width\":2048,\"height\":1365,\"caption\":\"R\u00f3\u017ce ogrodowe - Sklep Sobieszek producent\"},\"image\":{\"@id\":\"https:\/\/roza-sobieszek.pl\/sklep\/#\/schema\/logo\/image\/\"},\"sameAs\":[\"https:\/\/www.facebook.com\/profile.php?id=100063681485170\"]}]}<\/script>\n<!-- \/ Yoast SEO plugin. -->","yoast_head_json":{"title":"R\u00f3\u017ca Pn\u0105ca Zazdro\u015b\u0107 S\u0105siadki\u00ae - R\u00f3\u017ce ogrodowe - Sklep Sobieszek producent","description":"Jest to r\u00f3\u017ca pn\u0105ca o niezwykle romantycznych kwiatach, kt\u00f3re posiadaj\u0105 przepi\u0119kny kremowo r\u00f3\u017cowy kolor, a od ich pe\u0142nych pak\u00f3w nie mo\u017cna oderwa\u0107 oczu.","robots":{"index":"index","follow":"follow","max-snippet":"max-snippet:-1","max-image-preview":"max-image-preview:large","max-video-preview":"max-video-preview:-1"},"canonical":"https:\/\/roza-sobieszek.pl\/sklep\/produkt\/roza-pnaca-zazdrosc-sasiadki\/","og_locale":"pl_PL","og_type":"article","og_title":"R\u00f3\u017ca Pn\u0105ca Zazdro\u015b\u0107 S\u0105siadki\u00ae - R\u00f3\u017ce ogrodowe - Sklep Sobieszek producent","og_description":"Jest to r\u00f3\u017ca pn\u0105ca o niezwykle romantycznych kwiatach, kt\u00f3re posiadaj\u0105 przepi\u0119kny kremowo r\u00f3\u017cowy kolor, a od ich pe\u0142nych pak\u00f3w nie mo\u017cna oderwa\u0107 oczu.","og_url":"https:\/\/roza-sobieszek.pl\/sklep\/produkt\/roza-pnaca-zazdrosc-sasiadki\/","og_site_name":"R\u00f3\u017ce ogrodowe - Sklep Sobieszek producent","article_publisher":"https:\/\/www.facebook.com\/profile.php?id=100063681485170","article_modified_time":"2026-03-27T14:35:05+00:00","og_image":[{"width":1891,"height":2560,"url":"https:\/\/roza-sobieszek.pl\/sklep\/wp-content\/uploads\/2023\/02\/Zazdrosc-Sasiadki-11-scaled.jpg","type":"image\/jpeg"}],"twitter_card":"summary_large_image","twitter_misc":{"Szacowany czas czytania":"1 minuta"},"schema":{"@context":"https:\/\/schema.org","@graph":[{"@type":"WebPage","@id":"https:\/\/roza-sobieszek.pl\/sklep\/produkt\/roza-pnaca-zazdrosc-sasiadki\/","url":"https:\/\/roza-sobieszek.pl\/sklep\/produkt\/roza-pnaca-zazdrosc-sasiadki\/","name":"R\u00f3\u017ca Pn\u0105ca Zazdro\u015b\u0107 S\u0105siadki\u00ae - R\u00f3\u017ce ogrodowe - Sklep Sobieszek producent","isPartOf":{"@id":"https:\/\/roza-sobieszek.pl\/sklep\/#website"},"primaryImageOfPage":{"@id":"https:\/\/roza-sobieszek.pl\/sklep\/produkt\/roza-pnaca-zazdrosc-sasiadki\/#primaryimage"},"image":{"@id":"https:\/\/roza-sobieszek.pl\/sklep\/produkt\/roza-pnaca-zazdrosc-sasiadki\/#primaryimage"},"thumbnailUrl":"https:\/\/roza-sobieszek.pl\/sklep\/wp-content\/uploads\/2023\/02\/Zazdrosc-Sasiadki-11-scaled.jpg","datePublished":"2023-02-28T09:20:58+00:00","dateModified":"2026-03-27T14:35:05+00:00","description":"Jest to r\u00f3\u017ca pn\u0105ca o niezwykle romantycznych kwiatach, kt\u00f3re posiadaj\u0105 przepi\u0119kny kremowo r\u00f3\u017cowy kolor, a od ich pe\u0142nych pak\u00f3w nie mo\u017cna oderwa\u0107 oczu.","breadcrumb":{"@id":"https:\/\/roza-sobieszek.pl\/sklep\/produkt\/roza-pnaca-zazdrosc-sasiadki\/#breadcrumb"},"inLanguage":"pl-PL","potentialAction":[{"@type":"ReadAction","target":["https:\/\/roza-sobieszek.pl\/sklep\/produkt\/roza-pnaca-zazdrosc-sasiadki\/"]}]},{"@type":"ImageObject","inLanguage":"pl-PL","@id":"https:\/\/roza-sobieszek.pl\/sklep\/produkt\/roza-pnaca-zazdrosc-sasiadki\/#primaryimage","url":"https:\/\/roza-sobieszek.pl\/sklep\/wp-content\/uploads\/2023\/02\/Zazdrosc-Sasiadki-11-scaled.jpg","contentUrl":"https:\/\/roza-sobieszek.pl\/sklep\/wp-content\/uploads\/2023\/02\/Zazdrosc-Sasiadki-11-scaled.jpg","width":1891,"height":2560},{"@type":"BreadcrumbList","@id":"https:\/\/roza-sobieszek.pl\/sklep\/produkt\/roza-pnaca-zazdrosc-sasiadki\/#breadcrumb","itemListElement":[{"@type":"ListItem","position":1,"name":"Strona g\u0142\u00f3wna","item":"https:\/\/roza-sobieszek.pl\/sklep\/"},{"@type":"ListItem","position":2,"name":"Shop","item":"https:\/\/roza-sobieszek.pl\/sklep\/shop\/"},{"@type":"ListItem","position":3,"name":"R\u00f3\u017ca Pn\u0105ca Zazdro\u015b\u0107 S\u0105siadki\u00ae"}]},{"@type":"WebSite","@id":"https:\/\/roza-sobieszek.pl\/sklep\/#website","url":"https:\/\/roza-sobieszek.pl\/sklep\/","name":"R\u00f3\u017ce ogrodowe - Sklep Sobieszek producent","description":"","publisher":{"@id":"https:\/\/roza-sobieszek.pl\/sklep\/#organization"},"potentialAction":[{"@type":"SearchAction","target":{"@type":"EntryPoint","urlTemplate":"https:\/\/roza-sobieszek.pl\/sklep\/?s={search_term_string}"},"query-input":{"@type":"PropertyValueSpecification","valueRequired":true,"valueName":"search_term_string"}}],"inLanguage":"pl-PL"},{"@type":"Organization","@id":"https:\/\/roza-sobieszek.pl\/sklep\/#organization","name":"R\u00f3\u017ce ogrodowe - Sklep Sobieszek producent","url":"https:\/\/roza-sobieszek.pl\/sklep\/","logo":{"@type":"ImageObject","inLanguage":"pl-PL","@id":"https:\/\/roza-sobieszek.pl\/sklep\/#\/schema\/logo\/image\/","url":"https:\/\/roza-sobieszek.pl\/sklep\/wp-content\/uploads\/2016\/08\/IMG_0358-1.jpg","contentUrl":"https:\/\/roza-sobieszek.pl\/sklep\/wp-content\/uploads\/2016\/08\/IMG_0358-1.jpg","width":2048,"height":1365,"caption":"R\u00f3\u017ce ogrodowe - Sklep Sobieszek producent"},"image":{"@id":"https:\/\/roza-sobieszek.pl\/sklep\/#\/schema\/logo\/image\/"},"sameAs":["https:\/\/www.facebook.com\/profile.php?id=100063681485170"]}]}},"_links":{"self":[{"href":"https:\/\/roza-sobieszek.pl\/sklep\/wp-json\/wp\/v2\/product\/13090"}],"collection":[{"href":"https:\/\/roza-sobieszek.pl\/sklep\/wp-json\/wp\/v2\/product"}],"about":[{"href":"https:\/\/roza-sobieszek.pl\/sklep\/wp-json\/wp\/v2\/types\/product"}],"replies":[{"embeddable":true,"href":"https:\/\/roza-sobieszek.pl\/sklep\/wp-json\/wp\/v2\/comments?post=13090"}],"wp:featuredmedia":[{"embeddable":true,"href":"https:\/\/roza-sobieszek.pl\/sklep\/wp-json\/wp\/v2\/media\/13190"}],"wp:attachment":[{"href":"https:\/\/roza-sobieszek.pl\/sklep\/wp-json\/wp\/v2\/media?parent=13090"}],"wp:term":[{"taxonomy":"product_brand","embeddable":true,"href":"https:\/\/roza-sobieszek.pl\/sklep\/wp-json\/wp\/v2\/product_brand?post=13090"},{"taxonomy":"product_cat","embeddable":true,"href":"https:\/\/roza-sobieszek.pl\/sklep\/wp-json\/wp\/v2\/product_cat?post=13090"},{"taxonomy":"product_tag","embeddable":true,"href":"https:\/\/roza-sobieszek.pl\/sklep\/wp-json\/wp\/v2\/product_tag?post=13090"}],"curies":[{"name":"wp","href":"https:\/\/api.w.org\/{rel}","templated":true}]}}