{"id":19263,"date":"2025-02-12T15:02:55","date_gmt":"2025-02-12T15:02:55","guid":{"rendered":"https:\/\/roza-sobieszek.pl\/sklep\/?post_type=product&#038;p=19263"},"modified":"2025-04-28T19:02:50","modified_gmt":"2025-04-28T19:02:50","slug":"roza-wielkokwiatowa-honey-dijon-kopia","status":"publish","type":"product","link":"https:\/\/roza-sobieszek.pl\/sklep\/produkt\/roza-wielkokwiatowa-honey-dijon-kopia\/","title":{"rendered":"R\u00f3\u017ca Wielkokwiatowa Honey Dijon\u00ae"},"content":{"rendered":"<h2><span style=\"vertical-align: inherit;\"><span style=\"vertical-align: inherit;\">Honey Dijon\u00ae<\/span><\/span><\/h2>\n<p><span class=\"Y2IQFc\" lang=\"pl\">R\u00f3\u017ca Honey Dijon\u00ae jest wyj\u0105tkowa pod wieloma wzgl\u0119dami. Pierwszym jej atutem jest niezwykle oryginalny kolor ,kt\u00f3ry balansuje pomi\u0119dzy kremowo-\u017c\u00f3\u0142tym a z\u0142otym, by na kraw\u0119dziach p\u0142atk\u00f3w ukaza\u0107 nam r\u00f3\u017cowe przeb\u0142yski. Po drugie jest posiadaczk\u0105 niezwykle pe\u0142nych, du\u017cych kwiat\u00f3w o klasycznej budowie. One z kolei mog\u0105 szczyci\u0107 si\u0119 bardzo s\u0142odkim zapachem oraz obfitym kwitnieniem. Po trzecie posiada bardzo dobr\u0105 odporno\u015b\u0107 na choroby oraz niskie temperatury. Doskonale nadaje si\u0119 na kwiat ci\u0119ty dzi\u0119ki du\u017cej wytrzyma\u0142o\u015bci kwiat\u00f3w. Sprawdzi si\u0119 na rabatach jak i w donicach na tarasach.\u00a0<\/span><\/p>\n<h2><span style=\"border-radius: 2px; text-indent: 20px; width: auto; padding: 0px 4px 0px 0px; text-align: center; font: bold 11px\/20px 'Helvetica Neue',Helvetica,sans-serif; color: #ffffff; background: #bd081c no-repeat scroll 3px 50% \/ 14px 14px; position: absolute; opacity: 1; z-index: 8675309; display: none; cursor: pointer;\">Zapisz<\/span> <span style=\"border-radius: 2px; text-indent: 20px; width: auto; padding: 0px 4px 0px 0px; text-align: center; font: bold 11px\/20px 'Helvetica Neue',Helvetica,sans-serif; color: #ffffff; background: #bd081c no-repeat scroll 3px 50% \/ 14px 14px; position: absolute; opacity: 1; z-index: 8675309; display: none; cursor: pointer;\">Zapisz<\/span><\/h2>\n","protected":false},"excerpt":{"rendered":"<p>R\u00f3\u017ca Honey Dijon\u00ae<\/p>\n<ul>\n<li>Nazwa: Honey Dijon\u00ae<\/li>\n<li>Kolor: \u017c\u00f3\u0142ta<\/li>\n<li>Wzrost: 100-120 cm<\/li>\n<li>Wielko\u015b\u0107 kwiatu: 10-11 cm<\/li>\n<li>Zapach: intensywny<\/li>\n<li>Odporno\u015b\u0107 na choroby: dobra<\/li>\n<li>Stanowisko: s\u0142oneczne<\/li>\n<li>Okres kwitnienia: VI \u2013 IX<\/li>\n<li>Powtarza kwitnienie: tak<\/li>\n<li>Typ: wielkokwiatowa<\/li>\n<\/ul>\n","protected":false},"featured_media":19269,"comment_status":"open","ping_status":"closed","template":"","meta":[],"product_brand":[289],"product_cat":[159,199],"product_tag":[247,206,185,288],"yoast_head":"<!-- This site is optimized with the Yoast SEO plugin v23.5 - https:\/\/yoast.com\/wordpress\/plugins\/seo\/ -->\n<title>R\u00f3\u017ca Wielkokwiatowa Honey Dijon\u00ae - R\u00f3\u017ce ogrodowe - Sklep Sobieszek producent<\/title>\n<meta name=\"description\" content=\"R\u00f3\u017ca Honey Dijon\u00ae ma niezwykle oryginalny kolor ,kt\u00f3ry balansuje pomi\u0119dzy kremowo-\u017c\u00f3\u0142tym a z\u0142otym, by na kraw\u0119dziach p\u0142atk\u00f3w ukaza\u0107 nam r\u00f3\u017cowe przeb\u0142yski. Pe\u0142ne, du\u017ce kwiaty o klasycznej budowie, kt\u00f3re mog\u0105 szczyci\u0107 si\u0119 bardzo s\u0142odkim zapachem oraz obfitym kwitnieniem.\" \/>\n<meta name=\"robots\" content=\"index, follow, max-snippet:-1, max-image-preview:large, max-video-preview:-1\" \/>\n<link rel=\"canonical\" href=\"https:\/\/roza-sobieszek.pl\/sklep\/produkt\/roza-wielkokwiatowa-honey-dijon-kopia\/\" \/>\n<meta property=\"og:locale\" content=\"pl_PL\" \/>\n<meta property=\"og:type\" content=\"article\" \/>\n<meta property=\"og:title\" content=\"R\u00f3\u017ca Wielkokwiatowa Honey Dijon\u00ae - R\u00f3\u017ce ogrodowe - Sklep Sobieszek producent\" \/>\n<meta property=\"og:description\" content=\"R\u00f3\u017ca Honey Dijon\u00ae ma niezwykle oryginalny kolor ,kt\u00f3ry balansuje pomi\u0119dzy kremowo-\u017c\u00f3\u0142tym a z\u0142otym, by na kraw\u0119dziach p\u0142atk\u00f3w ukaza\u0107 nam r\u00f3\u017cowe przeb\u0142yski. Pe\u0142ne, du\u017ce kwiaty o klasycznej budowie, kt\u00f3re mog\u0105 szczyci\u0107 si\u0119 bardzo s\u0142odkim zapachem oraz obfitym kwitnieniem.\" \/>\n<meta property=\"og:url\" content=\"https:\/\/roza-sobieszek.pl\/sklep\/produkt\/roza-wielkokwiatowa-honey-dijon-kopia\/\" \/>\n<meta property=\"og:site_name\" content=\"R\u00f3\u017ce ogrodowe - Sklep Sobieszek producent\" \/>\n<meta property=\"article:publisher\" content=\"https:\/\/www.facebook.com\/profile.php?id=100063681485170\" \/>\n<meta property=\"article:modified_time\" content=\"2025-04-28T19:02:50+00:00\" \/>\n<meta property=\"og:image\" content=\"https:\/\/roza-sobieszek.pl\/sklep\/wp-content\/uploads\/2025\/02\/Honey-Dijon-3.jpg\" \/>\n\t<meta property=\"og:image:width\" content=\"434\" \/>\n\t<meta property=\"og:image:height\" content=\"333\" \/>\n\t<meta property=\"og:image:type\" content=\"image\/jpeg\" \/>\n<meta name=\"twitter:card\" content=\"summary_large_image\" \/>\n<meta name=\"twitter:label1\" content=\"Szacowany czas czytania\" \/>\n\t<meta name=\"twitter:data1\" content=\"1 minuta\" \/>\n<script type=\"application\/ld+json\" class=\"yoast-schema-graph\">{\"@context\":\"https:\/\/schema.org\",\"@graph\":[{\"@type\":\"WebPage\",\"@id\":\"https:\/\/roza-sobieszek.pl\/sklep\/produkt\/roza-wielkokwiatowa-honey-dijon-kopia\/\",\"url\":\"https:\/\/roza-sobieszek.pl\/sklep\/produkt\/roza-wielkokwiatowa-honey-dijon-kopia\/\",\"name\":\"R\u00f3\u017ca Wielkokwiatowa Honey Dijon\u00ae - R\u00f3\u017ce ogrodowe - Sklep Sobieszek producent\",\"isPartOf\":{\"@id\":\"https:\/\/roza-sobieszek.pl\/sklep\/#website\"},\"primaryImageOfPage\":{\"@id\":\"https:\/\/roza-sobieszek.pl\/sklep\/produkt\/roza-wielkokwiatowa-honey-dijon-kopia\/#primaryimage\"},\"image\":{\"@id\":\"https:\/\/roza-sobieszek.pl\/sklep\/produkt\/roza-wielkokwiatowa-honey-dijon-kopia\/#primaryimage\"},\"thumbnailUrl\":\"https:\/\/roza-sobieszek.pl\/sklep\/wp-content\/uploads\/2025\/02\/Honey-Dijon-3.jpg\",\"datePublished\":\"2025-02-12T15:02:55+00:00\",\"dateModified\":\"2025-04-28T19:02:50+00:00\",\"description\":\"R\u00f3\u017ca Honey Dijon\u00ae ma niezwykle oryginalny kolor ,kt\u00f3ry balansuje pomi\u0119dzy kremowo-\u017c\u00f3\u0142tym a z\u0142otym, by na kraw\u0119dziach p\u0142atk\u00f3w ukaza\u0107 nam r\u00f3\u017cowe przeb\u0142yski. Pe\u0142ne, du\u017ce kwiaty o klasycznej budowie, kt\u00f3re mog\u0105 szczyci\u0107 si\u0119 bardzo s\u0142odkim zapachem oraz obfitym kwitnieniem.\",\"breadcrumb\":{\"@id\":\"https:\/\/roza-sobieszek.pl\/sklep\/produkt\/roza-wielkokwiatowa-honey-dijon-kopia\/#breadcrumb\"},\"inLanguage\":\"pl-PL\",\"potentialAction\":[{\"@type\":\"ReadAction\",\"target\":[\"https:\/\/roza-sobieszek.pl\/sklep\/produkt\/roza-wielkokwiatowa-honey-dijon-kopia\/\"]}]},{\"@type\":\"ImageObject\",\"inLanguage\":\"pl-PL\",\"@id\":\"https:\/\/roza-sobieszek.pl\/sklep\/produkt\/roza-wielkokwiatowa-honey-dijon-kopia\/#primaryimage\",\"url\":\"https:\/\/roza-sobieszek.pl\/sklep\/wp-content\/uploads\/2025\/02\/Honey-Dijon-3.jpg\",\"contentUrl\":\"https:\/\/roza-sobieszek.pl\/sklep\/wp-content\/uploads\/2025\/02\/Honey-Dijon-3.jpg\",\"width\":434,\"height\":333},{\"@type\":\"BreadcrumbList\",\"@id\":\"https:\/\/roza-sobieszek.pl\/sklep\/produkt\/roza-wielkokwiatowa-honey-dijon-kopia\/#breadcrumb\",\"itemListElement\":[{\"@type\":\"ListItem\",\"position\":1,\"name\":\"Strona g\u0142\u00f3wna\",\"item\":\"https:\/\/roza-sobieszek.pl\/sklep\/\"},{\"@type\":\"ListItem\",\"position\":2,\"name\":\"Shop\",\"item\":\"https:\/\/roza-sobieszek.pl\/sklep\/shop\/\"},{\"@type\":\"ListItem\",\"position\":3,\"name\":\"R\u00f3\u017ca Wielkokwiatowa Honey Dijon\u00ae\"}]},{\"@type\":\"WebSite\",\"@id\":\"https:\/\/roza-sobieszek.pl\/sklep\/#website\",\"url\":\"https:\/\/roza-sobieszek.pl\/sklep\/\",\"name\":\"R\u00f3\u017ce ogrodowe - Sklep Sobieszek producent\",\"description\":\"\",\"publisher\":{\"@id\":\"https:\/\/roza-sobieszek.pl\/sklep\/#organization\"},\"potentialAction\":[{\"@type\":\"SearchAction\",\"target\":{\"@type\":\"EntryPoint\",\"urlTemplate\":\"https:\/\/roza-sobieszek.pl\/sklep\/?s={search_term_string}\"},\"query-input\":{\"@type\":\"PropertyValueSpecification\",\"valueRequired\":true,\"valueName\":\"search_term_string\"}}],\"inLanguage\":\"pl-PL\"},{\"@type\":\"Organization\",\"@id\":\"https:\/\/roza-sobieszek.pl\/sklep\/#organization\",\"name\":\"R\u00f3\u017ce ogrodowe - Sklep Sobieszek producent\",\"url\":\"https:\/\/roza-sobieszek.pl\/sklep\/\",\"logo\":{\"@type\":\"ImageObject\",\"inLanguage\":\"pl-PL\",\"@id\":\"https:\/\/roza-sobieszek.pl\/sklep\/#\/schema\/logo\/image\/\",\"url\":\"https:\/\/roza-sobieszek.pl\/sklep\/wp-content\/uploads\/2016\/08\/IMG_0358-1.jpg\",\"contentUrl\":\"https:\/\/roza-sobieszek.pl\/sklep\/wp-content\/uploads\/2016\/08\/IMG_0358-1.jpg\",\"width\":2048,\"height\":1365,\"caption\":\"R\u00f3\u017ce ogrodowe - Sklep Sobieszek producent\"},\"image\":{\"@id\":\"https:\/\/roza-sobieszek.pl\/sklep\/#\/schema\/logo\/image\/\"},\"sameAs\":[\"https:\/\/www.facebook.com\/profile.php?id=100063681485170\"]}]}<\/script>\n<!-- \/ Yoast SEO plugin. -->","yoast_head_json":{"title":"R\u00f3\u017ca Wielkokwiatowa Honey Dijon\u00ae - R\u00f3\u017ce ogrodowe - Sklep Sobieszek producent","description":"R\u00f3\u017ca Honey Dijon\u00ae ma niezwykle oryginalny kolor ,kt\u00f3ry balansuje pomi\u0119dzy kremowo-\u017c\u00f3\u0142tym a z\u0142otym, by na kraw\u0119dziach p\u0142atk\u00f3w ukaza\u0107 nam r\u00f3\u017cowe przeb\u0142yski. Pe\u0142ne, du\u017ce kwiaty o klasycznej budowie, kt\u00f3re mog\u0105 szczyci\u0107 si\u0119 bardzo s\u0142odkim zapachem oraz obfitym kwitnieniem.","robots":{"index":"index","follow":"follow","max-snippet":"max-snippet:-1","max-image-preview":"max-image-preview:large","max-video-preview":"max-video-preview:-1"},"canonical":"https:\/\/roza-sobieszek.pl\/sklep\/produkt\/roza-wielkokwiatowa-honey-dijon-kopia\/","og_locale":"pl_PL","og_type":"article","og_title":"R\u00f3\u017ca Wielkokwiatowa Honey Dijon\u00ae - R\u00f3\u017ce ogrodowe - Sklep Sobieszek producent","og_description":"R\u00f3\u017ca Honey Dijon\u00ae ma niezwykle oryginalny kolor ,kt\u00f3ry balansuje pomi\u0119dzy kremowo-\u017c\u00f3\u0142tym a z\u0142otym, by na kraw\u0119dziach p\u0142atk\u00f3w ukaza\u0107 nam r\u00f3\u017cowe przeb\u0142yski. Pe\u0142ne, du\u017ce kwiaty o klasycznej budowie, kt\u00f3re mog\u0105 szczyci\u0107 si\u0119 bardzo s\u0142odkim zapachem oraz obfitym kwitnieniem.","og_url":"https:\/\/roza-sobieszek.pl\/sklep\/produkt\/roza-wielkokwiatowa-honey-dijon-kopia\/","og_site_name":"R\u00f3\u017ce ogrodowe - Sklep Sobieszek producent","article_publisher":"https:\/\/www.facebook.com\/profile.php?id=100063681485170","article_modified_time":"2025-04-28T19:02:50+00:00","og_image":[{"width":434,"height":333,"url":"https:\/\/roza-sobieszek.pl\/sklep\/wp-content\/uploads\/2025\/02\/Honey-Dijon-3.jpg","type":"image\/jpeg"}],"twitter_card":"summary_large_image","twitter_misc":{"Szacowany czas czytania":"1 minuta"},"schema":{"@context":"https:\/\/schema.org","@graph":[{"@type":"WebPage","@id":"https:\/\/roza-sobieszek.pl\/sklep\/produkt\/roza-wielkokwiatowa-honey-dijon-kopia\/","url":"https:\/\/roza-sobieszek.pl\/sklep\/produkt\/roza-wielkokwiatowa-honey-dijon-kopia\/","name":"R\u00f3\u017ca Wielkokwiatowa Honey Dijon\u00ae - R\u00f3\u017ce ogrodowe - Sklep Sobieszek producent","isPartOf":{"@id":"https:\/\/roza-sobieszek.pl\/sklep\/#website"},"primaryImageOfPage":{"@id":"https:\/\/roza-sobieszek.pl\/sklep\/produkt\/roza-wielkokwiatowa-honey-dijon-kopia\/#primaryimage"},"image":{"@id":"https:\/\/roza-sobieszek.pl\/sklep\/produkt\/roza-wielkokwiatowa-honey-dijon-kopia\/#primaryimage"},"thumbnailUrl":"https:\/\/roza-sobieszek.pl\/sklep\/wp-content\/uploads\/2025\/02\/Honey-Dijon-3.jpg","datePublished":"2025-02-12T15:02:55+00:00","dateModified":"2025-04-28T19:02:50+00:00","description":"R\u00f3\u017ca Honey Dijon\u00ae ma niezwykle oryginalny kolor ,kt\u00f3ry balansuje pomi\u0119dzy kremowo-\u017c\u00f3\u0142tym a z\u0142otym, by na kraw\u0119dziach p\u0142atk\u00f3w ukaza\u0107 nam r\u00f3\u017cowe przeb\u0142yski. Pe\u0142ne, du\u017ce kwiaty o klasycznej budowie, kt\u00f3re mog\u0105 szczyci\u0107 si\u0119 bardzo s\u0142odkim zapachem oraz obfitym kwitnieniem.","breadcrumb":{"@id":"https:\/\/roza-sobieszek.pl\/sklep\/produkt\/roza-wielkokwiatowa-honey-dijon-kopia\/#breadcrumb"},"inLanguage":"pl-PL","potentialAction":[{"@type":"ReadAction","target":["https:\/\/roza-sobieszek.pl\/sklep\/produkt\/roza-wielkokwiatowa-honey-dijon-kopia\/"]}]},{"@type":"ImageObject","inLanguage":"pl-PL","@id":"https:\/\/roza-sobieszek.pl\/sklep\/produkt\/roza-wielkokwiatowa-honey-dijon-kopia\/#primaryimage","url":"https:\/\/roza-sobieszek.pl\/sklep\/wp-content\/uploads\/2025\/02\/Honey-Dijon-3.jpg","contentUrl":"https:\/\/roza-sobieszek.pl\/sklep\/wp-content\/uploads\/2025\/02\/Honey-Dijon-3.jpg","width":434,"height":333},{"@type":"BreadcrumbList","@id":"https:\/\/roza-sobieszek.pl\/sklep\/produkt\/roza-wielkokwiatowa-honey-dijon-kopia\/#breadcrumb","itemListElement":[{"@type":"ListItem","position":1,"name":"Strona g\u0142\u00f3wna","item":"https:\/\/roza-sobieszek.pl\/sklep\/"},{"@type":"ListItem","position":2,"name":"Shop","item":"https:\/\/roza-sobieszek.pl\/sklep\/shop\/"},{"@type":"ListItem","position":3,"name":"R\u00f3\u017ca Wielkokwiatowa Honey Dijon\u00ae"}]},{"@type":"WebSite","@id":"https:\/\/roza-sobieszek.pl\/sklep\/#website","url":"https:\/\/roza-sobieszek.pl\/sklep\/","name":"R\u00f3\u017ce ogrodowe - Sklep Sobieszek producent","description":"","publisher":{"@id":"https:\/\/roza-sobieszek.pl\/sklep\/#organization"},"potentialAction":[{"@type":"SearchAction","target":{"@type":"EntryPoint","urlTemplate":"https:\/\/roza-sobieszek.pl\/sklep\/?s={search_term_string}"},"query-input":{"@type":"PropertyValueSpecification","valueRequired":true,"valueName":"search_term_string"}}],"inLanguage":"pl-PL"},{"@type":"Organization","@id":"https:\/\/roza-sobieszek.pl\/sklep\/#organization","name":"R\u00f3\u017ce ogrodowe - Sklep Sobieszek producent","url":"https:\/\/roza-sobieszek.pl\/sklep\/","logo":{"@type":"ImageObject","inLanguage":"pl-PL","@id":"https:\/\/roza-sobieszek.pl\/sklep\/#\/schema\/logo\/image\/","url":"https:\/\/roza-sobieszek.pl\/sklep\/wp-content\/uploads\/2016\/08\/IMG_0358-1.jpg","contentUrl":"https:\/\/roza-sobieszek.pl\/sklep\/wp-content\/uploads\/2016\/08\/IMG_0358-1.jpg","width":2048,"height":1365,"caption":"R\u00f3\u017ce ogrodowe - Sklep Sobieszek producent"},"image":{"@id":"https:\/\/roza-sobieszek.pl\/sklep\/#\/schema\/logo\/image\/"},"sameAs":["https:\/\/www.facebook.com\/profile.php?id=100063681485170"]}]}},"_links":{"self":[{"href":"https:\/\/roza-sobieszek.pl\/sklep\/wp-json\/wp\/v2\/product\/19263"}],"collection":[{"href":"https:\/\/roza-sobieszek.pl\/sklep\/wp-json\/wp\/v2\/product"}],"about":[{"href":"https:\/\/roza-sobieszek.pl\/sklep\/wp-json\/wp\/v2\/types\/product"}],"replies":[{"embeddable":true,"href":"https:\/\/roza-sobieszek.pl\/sklep\/wp-json\/wp\/v2\/comments?post=19263"}],"wp:featuredmedia":[{"embeddable":true,"href":"https:\/\/roza-sobieszek.pl\/sklep\/wp-json\/wp\/v2\/media\/19269"}],"wp:attachment":[{"href":"https:\/\/roza-sobieszek.pl\/sklep\/wp-json\/wp\/v2\/media?parent=19263"}],"wp:term":[{"taxonomy":"product_brand","embeddable":true,"href":"https:\/\/roza-sobieszek.pl\/sklep\/wp-json\/wp\/v2\/product_brand?post=19263"},{"taxonomy":"product_cat","embeddable":true,"href":"https:\/\/roza-sobieszek.pl\/sklep\/wp-json\/wp\/v2\/product_cat?post=19263"},{"taxonomy":"product_tag","embeddable":true,"href":"https:\/\/roza-sobieszek.pl\/sklep\/wp-json\/wp\/v2\/product_tag?post=19263"}],"curies":[{"name":"wp","href":"https:\/\/api.w.org\/{rel}","templated":true}]}}