{"id":22815,"date":"2026-01-16T09:22:14","date_gmt":"2026-01-16T09:22:14","guid":{"rendered":"https:\/\/roza-sobieszek.pl\/sklep\/?post_type=product&#038;p=22815"},"modified":"2026-04-22T14:47:28","modified_gmt":"2026-04-22T14:47:28","slug":"roza-pnaca-pink-eden-rose","status":"publish","type":"product","link":"https:\/\/roza-sobieszek.pl\/sklep\/produkt\/roza-pnaca-pink-eden-rose\/","title":{"rendered":"R\u00f3\u017ca Pn\u0105ca Pink Eden Rose\u00aeMargaret Mae"},"content":{"rendered":"<h2><strong>R\u00f3\u017ca Pink Eden Rose\u00aeMargaret Mae<\/strong><\/h2>\n<p><strong data-start=\"112\" data-end=\"157\">R\u00f3\u017ca pn\u0105ca Pink Eden Rose\u00ae \u2018Margaret Mae\u2019<\/strong> to niezwykle dekoracyjna odmiana o du\u017cych, pe\u0142nych kwiatach w ciemno r\u00f3\u017cowym kolorze. Kwiaty maj\u0105 romantyczny, nostalgiczny wygl\u0105d i pojawiaj\u0105 si\u0119 obficie przez ca\u0142y sezon. Ro\u015blina charakteryzuje si\u0119 silnym wzrostem, dobr\u0105 odporno\u015bci\u0105 na choroby oraz wysok\u0105 dekoracyjno\u015bci\u0105. Idealna do sadzenia przy pergolach, altanach, treja\u017cach, ogrodzeniach i \u015bcianach budynk\u00f3w. Doskona\u0142y wyb\u00f3r do ogrod\u00f3w klasycznych i nowoczesnych.<\/p>\n<p><span style=\"border-radius: 2px; text-indent: 20px; width: auto; padding: 0px 4px 0px 0px; text-align: center; font: bold 11px\/20px 'Helvetica Neue',Helvetica,sans-serif; color: #ffffff; background: #bd081c no-repeat scroll 3px 50% \/ 14px 14px; position: absolute; opacity: 1; z-index: 8675309; display: none; cursor: pointer;\">Zapisz<\/span><\/p>\n","protected":false},"excerpt":{"rendered":"<p>R\u00f3\u017ca Pn\u0105ca Pink Eden Rose<\/p>\n<ul>\n<li>Nazwa: Pink Eden Rose<\/li>\n<li>Kolor: ciemno r\u00f3\u017cowa<\/li>\n<li>Wzrost: 200-300<\/li>\n<li>Wielko\u015b\u0107 kwiatu: 12 cm<\/li>\n<li>Zapach: wyczuwalny<\/li>\n<li>Odporno\u015b\u0107 na choroby: bardzo dobra<\/li>\n<li>Stanowisko: s\u0142oneczne<\/li>\n<li>Okres kwitnienia: VI \u2013 IX<\/li>\n<li>Powtarza kwitnienie: tak<\/li>\n<li>Typ: pn\u0105ca<\/li>\n<\/ul>\n","protected":false},"featured_media":22818,"comment_status":"open","ping_status":"closed","template":"","meta":[],"product_brand":[296],"product_cat":[290,295,157],"product_tag":[298,251,297],"yoast_head":"<!-- This site is optimized with the Yoast SEO plugin v23.5 - https:\/\/yoast.com\/wordpress\/plugins\/seo\/ -->\n<title>R\u00f3\u017ca Pn\u0105ca Pink Eden Rose\u00aeMargaret Mae - R\u00f3\u017ce ogrodowe - Sklep Sobieszek producent<\/title>\n<meta name=\"description\" content=\"R\u00f3\u017ca pn\u0105ca Pink Eden Rose\u00ae to dekoracyjna odmiana o du\u017cych, pe\u0142nych, jasnor\u00f3\u017cowych kwiatach o romantycznym wygl\u0105dzie. Kwitnie obficie przez ca\u0142y sezon i tworzy silnie rosn\u0105ce krzewy. Idealna do sadzenia przy pergolach, altanach, ogrodzeniach i treja\u017cach.\" \/>\n<meta name=\"robots\" content=\"index, follow, max-snippet:-1, max-image-preview:large, max-video-preview:-1\" \/>\n<link rel=\"canonical\" href=\"https:\/\/roza-sobieszek.pl\/sklep\/produkt\/roza-pnaca-pink-eden-rose\/\" \/>\n<meta property=\"og:locale\" content=\"pl_PL\" \/>\n<meta property=\"og:type\" content=\"article\" \/>\n<meta property=\"og:title\" content=\"R\u00f3\u017ca Pn\u0105ca Pink Eden Rose\u00aeMargaret Mae - R\u00f3\u017ce ogrodowe - Sklep Sobieszek producent\" \/>\n<meta property=\"og:description\" content=\"R\u00f3\u017ca pn\u0105ca Pink Eden Rose\u00ae to dekoracyjna odmiana o du\u017cych, pe\u0142nych, jasnor\u00f3\u017cowych kwiatach o romantycznym wygl\u0105dzie. Kwitnie obficie przez ca\u0142y sezon i tworzy silnie rosn\u0105ce krzewy. Idealna do sadzenia przy pergolach, altanach, ogrodzeniach i treja\u017cach.\" \/>\n<meta property=\"og:url\" content=\"https:\/\/roza-sobieszek.pl\/sklep\/produkt\/roza-pnaca-pink-eden-rose\/\" \/>\n<meta property=\"og:site_name\" content=\"R\u00f3\u017ce ogrodowe - Sklep Sobieszek producent\" \/>\n<meta property=\"article:publisher\" content=\"https:\/\/www.facebook.com\/profile.php?id=100063681485170\" \/>\n<meta property=\"article:modified_time\" content=\"2026-04-22T14:47:28+00:00\" \/>\n<meta property=\"og:image\" content=\"https:\/\/roza-sobieszek.pl\/sklep\/wp-content\/uploads\/2026\/01\/Pink-EDEN-ROSE\u00aeMargaret-Mae_1078_03-683x1024.jpg\" \/>\n\t<meta property=\"og:image:width\" content=\"683\" \/>\n\t<meta property=\"og:image:height\" content=\"1024\" \/>\n\t<meta property=\"og:image:type\" content=\"image\/jpeg\" \/>\n<meta name=\"twitter:card\" content=\"summary_large_image\" \/>\n<meta name=\"twitter:label1\" content=\"Szacowany czas czytania\" \/>\n\t<meta name=\"twitter:data1\" content=\"1 minuta\" \/>\n<script type=\"application\/ld+json\" class=\"yoast-schema-graph\">{\"@context\":\"https:\/\/schema.org\",\"@graph\":[{\"@type\":\"WebPage\",\"@id\":\"https:\/\/roza-sobieszek.pl\/sklep\/produkt\/roza-pnaca-pink-eden-rose\/\",\"url\":\"https:\/\/roza-sobieszek.pl\/sklep\/produkt\/roza-pnaca-pink-eden-rose\/\",\"name\":\"R\u00f3\u017ca Pn\u0105ca Pink Eden Rose\u00aeMargaret Mae - R\u00f3\u017ce ogrodowe - Sklep Sobieszek producent\",\"isPartOf\":{\"@id\":\"https:\/\/roza-sobieszek.pl\/sklep\/#website\"},\"primaryImageOfPage\":{\"@id\":\"https:\/\/roza-sobieszek.pl\/sklep\/produkt\/roza-pnaca-pink-eden-rose\/#primaryimage\"},\"image\":{\"@id\":\"https:\/\/roza-sobieszek.pl\/sklep\/produkt\/roza-pnaca-pink-eden-rose\/#primaryimage\"},\"thumbnailUrl\":\"https:\/\/roza-sobieszek.pl\/sklep\/wp-content\/uploads\/2026\/01\/Pink-EDEN-ROSE\u00aeMargaret-Mae_1078_03.jpg\",\"datePublished\":\"2026-01-16T09:22:14+00:00\",\"dateModified\":\"2026-04-22T14:47:28+00:00\",\"description\":\"R\u00f3\u017ca pn\u0105ca Pink Eden Rose\u00ae to dekoracyjna odmiana o du\u017cych, pe\u0142nych, jasnor\u00f3\u017cowych kwiatach o romantycznym wygl\u0105dzie. Kwitnie obficie przez ca\u0142y sezon i tworzy silnie rosn\u0105ce krzewy. Idealna do sadzenia przy pergolach, altanach, ogrodzeniach i treja\u017cach.\",\"breadcrumb\":{\"@id\":\"https:\/\/roza-sobieszek.pl\/sklep\/produkt\/roza-pnaca-pink-eden-rose\/#breadcrumb\"},\"inLanguage\":\"pl-PL\",\"potentialAction\":[{\"@type\":\"ReadAction\",\"target\":[\"https:\/\/roza-sobieszek.pl\/sklep\/produkt\/roza-pnaca-pink-eden-rose\/\"]}]},{\"@type\":\"ImageObject\",\"inLanguage\":\"pl-PL\",\"@id\":\"https:\/\/roza-sobieszek.pl\/sklep\/produkt\/roza-pnaca-pink-eden-rose\/#primaryimage\",\"url\":\"https:\/\/roza-sobieszek.pl\/sklep\/wp-content\/uploads\/2026\/01\/Pink-EDEN-ROSE\u00aeMargaret-Mae_1078_03.jpg\",\"contentUrl\":\"https:\/\/roza-sobieszek.pl\/sklep\/wp-content\/uploads\/2026\/01\/Pink-EDEN-ROSE\u00aeMargaret-Mae_1078_03.jpg\",\"width\":3200,\"height\":4800,\"caption\":\"Star Roses - Pretty in Pink Eden\"},{\"@type\":\"BreadcrumbList\",\"@id\":\"https:\/\/roza-sobieszek.pl\/sklep\/produkt\/roza-pnaca-pink-eden-rose\/#breadcrumb\",\"itemListElement\":[{\"@type\":\"ListItem\",\"position\":1,\"name\":\"Strona g\u0142\u00f3wna\",\"item\":\"https:\/\/roza-sobieszek.pl\/sklep\/\"},{\"@type\":\"ListItem\",\"position\":2,\"name\":\"Shop\",\"item\":\"https:\/\/roza-sobieszek.pl\/sklep\/shop\/\"},{\"@type\":\"ListItem\",\"position\":3,\"name\":\"R\u00f3\u017ca Pn\u0105ca Pink Eden Rose\u00aeMargaret Mae\"}]},{\"@type\":\"WebSite\",\"@id\":\"https:\/\/roza-sobieszek.pl\/sklep\/#website\",\"url\":\"https:\/\/roza-sobieszek.pl\/sklep\/\",\"name\":\"R\u00f3\u017ce ogrodowe - Sklep Sobieszek producent\",\"description\":\"\",\"publisher\":{\"@id\":\"https:\/\/roza-sobieszek.pl\/sklep\/#organization\"},\"potentialAction\":[{\"@type\":\"SearchAction\",\"target\":{\"@type\":\"EntryPoint\",\"urlTemplate\":\"https:\/\/roza-sobieszek.pl\/sklep\/?s={search_term_string}\"},\"query-input\":{\"@type\":\"PropertyValueSpecification\",\"valueRequired\":true,\"valueName\":\"search_term_string\"}}],\"inLanguage\":\"pl-PL\"},{\"@type\":\"Organization\",\"@id\":\"https:\/\/roza-sobieszek.pl\/sklep\/#organization\",\"name\":\"R\u00f3\u017ce ogrodowe - Sklep Sobieszek producent\",\"url\":\"https:\/\/roza-sobieszek.pl\/sklep\/\",\"logo\":{\"@type\":\"ImageObject\",\"inLanguage\":\"pl-PL\",\"@id\":\"https:\/\/roza-sobieszek.pl\/sklep\/#\/schema\/logo\/image\/\",\"url\":\"https:\/\/roza-sobieszek.pl\/sklep\/wp-content\/uploads\/2016\/08\/IMG_0358-1.jpg\",\"contentUrl\":\"https:\/\/roza-sobieszek.pl\/sklep\/wp-content\/uploads\/2016\/08\/IMG_0358-1.jpg\",\"width\":2048,\"height\":1365,\"caption\":\"R\u00f3\u017ce ogrodowe - Sklep Sobieszek producent\"},\"image\":{\"@id\":\"https:\/\/roza-sobieszek.pl\/sklep\/#\/schema\/logo\/image\/\"},\"sameAs\":[\"https:\/\/www.facebook.com\/profile.php?id=100063681485170\"]}]}<\/script>\n<!-- \/ Yoast SEO plugin. -->","yoast_head_json":{"title":"R\u00f3\u017ca Pn\u0105ca Pink Eden Rose\u00aeMargaret Mae - R\u00f3\u017ce ogrodowe - Sklep Sobieszek producent","description":"R\u00f3\u017ca pn\u0105ca Pink Eden Rose\u00ae to dekoracyjna odmiana o du\u017cych, pe\u0142nych, jasnor\u00f3\u017cowych kwiatach o romantycznym wygl\u0105dzie. Kwitnie obficie przez ca\u0142y sezon i tworzy silnie rosn\u0105ce krzewy. Idealna do sadzenia przy pergolach, altanach, ogrodzeniach i treja\u017cach.","robots":{"index":"index","follow":"follow","max-snippet":"max-snippet:-1","max-image-preview":"max-image-preview:large","max-video-preview":"max-video-preview:-1"},"canonical":"https:\/\/roza-sobieszek.pl\/sklep\/produkt\/roza-pnaca-pink-eden-rose\/","og_locale":"pl_PL","og_type":"article","og_title":"R\u00f3\u017ca Pn\u0105ca Pink Eden Rose\u00aeMargaret Mae - R\u00f3\u017ce ogrodowe - Sklep Sobieszek producent","og_description":"R\u00f3\u017ca pn\u0105ca Pink Eden Rose\u00ae to dekoracyjna odmiana o du\u017cych, pe\u0142nych, jasnor\u00f3\u017cowych kwiatach o romantycznym wygl\u0105dzie. Kwitnie obficie przez ca\u0142y sezon i tworzy silnie rosn\u0105ce krzewy. Idealna do sadzenia przy pergolach, altanach, ogrodzeniach i treja\u017cach.","og_url":"https:\/\/roza-sobieszek.pl\/sklep\/produkt\/roza-pnaca-pink-eden-rose\/","og_site_name":"R\u00f3\u017ce ogrodowe - Sklep Sobieszek producent","article_publisher":"https:\/\/www.facebook.com\/profile.php?id=100063681485170","article_modified_time":"2026-04-22T14:47:28+00:00","og_image":[{"width":683,"height":1024,"url":"https:\/\/roza-sobieszek.pl\/sklep\/wp-content\/uploads\/2026\/01\/Pink-EDEN-ROSE\u00aeMargaret-Mae_1078_03-683x1024.jpg","type":"image\/jpeg"}],"twitter_card":"summary_large_image","twitter_misc":{"Szacowany czas czytania":"1 minuta"},"schema":{"@context":"https:\/\/schema.org","@graph":[{"@type":"WebPage","@id":"https:\/\/roza-sobieszek.pl\/sklep\/produkt\/roza-pnaca-pink-eden-rose\/","url":"https:\/\/roza-sobieszek.pl\/sklep\/produkt\/roza-pnaca-pink-eden-rose\/","name":"R\u00f3\u017ca Pn\u0105ca Pink Eden Rose\u00aeMargaret Mae - R\u00f3\u017ce ogrodowe - Sklep Sobieszek producent","isPartOf":{"@id":"https:\/\/roza-sobieszek.pl\/sklep\/#website"},"primaryImageOfPage":{"@id":"https:\/\/roza-sobieszek.pl\/sklep\/produkt\/roza-pnaca-pink-eden-rose\/#primaryimage"},"image":{"@id":"https:\/\/roza-sobieszek.pl\/sklep\/produkt\/roza-pnaca-pink-eden-rose\/#primaryimage"},"thumbnailUrl":"https:\/\/roza-sobieszek.pl\/sklep\/wp-content\/uploads\/2026\/01\/Pink-EDEN-ROSE\u00aeMargaret-Mae_1078_03.jpg","datePublished":"2026-01-16T09:22:14+00:00","dateModified":"2026-04-22T14:47:28+00:00","description":"R\u00f3\u017ca pn\u0105ca Pink Eden Rose\u00ae to dekoracyjna odmiana o du\u017cych, pe\u0142nych, jasnor\u00f3\u017cowych kwiatach o romantycznym wygl\u0105dzie. Kwitnie obficie przez ca\u0142y sezon i tworzy silnie rosn\u0105ce krzewy. Idealna do sadzenia przy pergolach, altanach, ogrodzeniach i treja\u017cach.","breadcrumb":{"@id":"https:\/\/roza-sobieszek.pl\/sklep\/produkt\/roza-pnaca-pink-eden-rose\/#breadcrumb"},"inLanguage":"pl-PL","potentialAction":[{"@type":"ReadAction","target":["https:\/\/roza-sobieszek.pl\/sklep\/produkt\/roza-pnaca-pink-eden-rose\/"]}]},{"@type":"ImageObject","inLanguage":"pl-PL","@id":"https:\/\/roza-sobieszek.pl\/sklep\/produkt\/roza-pnaca-pink-eden-rose\/#primaryimage","url":"https:\/\/roza-sobieszek.pl\/sklep\/wp-content\/uploads\/2026\/01\/Pink-EDEN-ROSE\u00aeMargaret-Mae_1078_03.jpg","contentUrl":"https:\/\/roza-sobieszek.pl\/sklep\/wp-content\/uploads\/2026\/01\/Pink-EDEN-ROSE\u00aeMargaret-Mae_1078_03.jpg","width":3200,"height":4800,"caption":"Star Roses - Pretty in Pink Eden"},{"@type":"BreadcrumbList","@id":"https:\/\/roza-sobieszek.pl\/sklep\/produkt\/roza-pnaca-pink-eden-rose\/#breadcrumb","itemListElement":[{"@type":"ListItem","position":1,"name":"Strona g\u0142\u00f3wna","item":"https:\/\/roza-sobieszek.pl\/sklep\/"},{"@type":"ListItem","position":2,"name":"Shop","item":"https:\/\/roza-sobieszek.pl\/sklep\/shop\/"},{"@type":"ListItem","position":3,"name":"R\u00f3\u017ca Pn\u0105ca Pink Eden Rose\u00aeMargaret Mae"}]},{"@type":"WebSite","@id":"https:\/\/roza-sobieszek.pl\/sklep\/#website","url":"https:\/\/roza-sobieszek.pl\/sklep\/","name":"R\u00f3\u017ce ogrodowe - Sklep Sobieszek producent","description":"","publisher":{"@id":"https:\/\/roza-sobieszek.pl\/sklep\/#organization"},"potentialAction":[{"@type":"SearchAction","target":{"@type":"EntryPoint","urlTemplate":"https:\/\/roza-sobieszek.pl\/sklep\/?s={search_term_string}"},"query-input":{"@type":"PropertyValueSpecification","valueRequired":true,"valueName":"search_term_string"}}],"inLanguage":"pl-PL"},{"@type":"Organization","@id":"https:\/\/roza-sobieszek.pl\/sklep\/#organization","name":"R\u00f3\u017ce ogrodowe - Sklep Sobieszek producent","url":"https:\/\/roza-sobieszek.pl\/sklep\/","logo":{"@type":"ImageObject","inLanguage":"pl-PL","@id":"https:\/\/roza-sobieszek.pl\/sklep\/#\/schema\/logo\/image\/","url":"https:\/\/roza-sobieszek.pl\/sklep\/wp-content\/uploads\/2016\/08\/IMG_0358-1.jpg","contentUrl":"https:\/\/roza-sobieszek.pl\/sklep\/wp-content\/uploads\/2016\/08\/IMG_0358-1.jpg","width":2048,"height":1365,"caption":"R\u00f3\u017ce ogrodowe - Sklep Sobieszek producent"},"image":{"@id":"https:\/\/roza-sobieszek.pl\/sklep\/#\/schema\/logo\/image\/"},"sameAs":["https:\/\/www.facebook.com\/profile.php?id=100063681485170"]}]}},"_links":{"self":[{"href":"https:\/\/roza-sobieszek.pl\/sklep\/wp-json\/wp\/v2\/product\/22815"}],"collection":[{"href":"https:\/\/roza-sobieszek.pl\/sklep\/wp-json\/wp\/v2\/product"}],"about":[{"href":"https:\/\/roza-sobieszek.pl\/sklep\/wp-json\/wp\/v2\/types\/product"}],"replies":[{"embeddable":true,"href":"https:\/\/roza-sobieszek.pl\/sklep\/wp-json\/wp\/v2\/comments?post=22815"}],"wp:featuredmedia":[{"embeddable":true,"href":"https:\/\/roza-sobieszek.pl\/sklep\/wp-json\/wp\/v2\/media\/22818"}],"wp:attachment":[{"href":"https:\/\/roza-sobieszek.pl\/sklep\/wp-json\/wp\/v2\/media?parent=22815"}],"wp:term":[{"taxonomy":"product_brand","embeddable":true,"href":"https:\/\/roza-sobieszek.pl\/sklep\/wp-json\/wp\/v2\/product_brand?post=22815"},{"taxonomy":"product_cat","embeddable":true,"href":"https:\/\/roza-sobieszek.pl\/sklep\/wp-json\/wp\/v2\/product_cat?post=22815"},{"taxonomy":"product_tag","embeddable":true,"href":"https:\/\/roza-sobieszek.pl\/sklep\/wp-json\/wp\/v2\/product_tag?post=22815"}],"curies":[{"name":"wp","href":"https:\/\/api.w.org\/{rel}","templated":true}]}}