{"id":23254,"date":"2026-02-23T09:54:44","date_gmt":"2026-02-23T09:54:44","guid":{"rendered":"https:\/\/roza-sobieszek.pl\/sklep\/?post_type=product&#038;p=23254"},"modified":"2026-03-29T08:46:36","modified_gmt":"2026-03-29T08:46:36","slug":"rosa-wielkokwiatowa-paris-eiffeljumping","status":"publish","type":"product","link":"https:\/\/roza-sobieszek.pl\/sklep\/produkt\/rosa-wielkokwiatowa-paris-eiffeljumping\/","title":{"rendered":"ROSA WIELKOKWIATOWA PARIS EIFFELJUMPING\u00ae ORAGIMAD"},"content":{"rendered":"<h3>R\u00d3\u017bA WIELKOKWIATOWA\u00a0 PARIS EIFFELJUMPING\u00ae ORAGIMAD<\/h3>\n<p data-start=\"76\" data-end=\"374\"><strong data-start=\"76\" data-end=\"117\"><span class=\"hover:entity-accent entity-underline inline cursor-pointer align-baseline\"><span class=\"whitespace-normal\">Rosa 'PARIS EIFFEL JUMPING\u00ae Oragimad&#8217;<\/span><\/span><\/strong> to wyj\u0105tkowa r\u00f3\u017ca wielkokwiatowa o imponuj\u0105cych, pe\u0142nych kwiatach w delikatnym jasnor\u00f3\u017cowym kolorze.<\/p>\n<p data-start=\"76\" data-end=\"374\">Ka\u017cdy kwiat zbudowany jest z ponad 150 p\u0142atk\u00f3w, dzi\u0119ki czemu prezentuje si\u0119 niezwykle okazale i dostojnie, zachowuj\u0105c przy tym harmonijn\u0105, klasyczn\u0105 form\u0119.<\/p>\n<p data-start=\"376\" data-end=\"593\">Odmiana wyr\u00f3\u017cnia si\u0119 intensywnym, \u015bwie\u017cym zapachem z wyra\u017anymi nutami cytrusowymi, szczeg\u00f3lnie grejpfruta. Aromat jest mocny, wyrazisty i d\u0142ugo wyczuwalny, co czyni j\u0105 doskona\u0142ym wyborem dla mi\u0142o\u015bnik\u00f3w pachn\u0105cych r\u00f3\u017c.<\/p>\n<p data-start=\"595\" data-end=\"828\">Krzew ro\u015bnie silnie, jest zdrowy i odporny, a przy tym bardzo obficie kwitnie przez ca\u0142y sezon. Dobrze radzi sobie w wi\u0119kszo\u015bci ogrod\u00f3w, zar\u00f3wno w nasadzeniach rabatowych, jak i w uprawie w du\u017cych pojemnikach na tarasach i balkonach.<\/p>\n<p data-start=\"847\" data-end=\"1029\">\n<p>&nbsp;<\/p>\n<h2><span style=\"border-radius: 2px; text-indent: 20px; width: auto; padding: 0px 4px 0px 0px; text-align: center; font: bold 11px\/20px 'Helvetica Neue',Helvetica,sans-serif; color: #ffffff; background: #bd081c no-repeat scroll 3px 50% \/ 14px 14px; position: absolute; opacity: 1; z-index: 8675309; display: none; cursor: pointer;\">Zapisz<\/span> <span style=\"border-radius: 2px; text-indent: 20px; width: auto; padding: 0px 4px 0px 0px; text-align: center; font: bold 11px\/20px 'Helvetica Neue',Helvetica,sans-serif; color: #ffffff; background: #bd081c no-repeat scroll 3px 50% \/ 14px 14px; position: absolute; opacity: 1; z-index: 8675309; display: none; cursor: pointer;\">Zapisz<\/span><\/h2>\n","protected":false},"excerpt":{"rendered":"<p>R\u00d3\u017bA WIELKOKWIATOWA\u00a0 PARIS EIFFELJUMPING\u00ae ORAGIMAD<\/p>\n<ul>\n<li>Nazwa: PARIS EIFFELJUMPING\u00ae ORAGIMAD<\/li>\n<li>Kolor: pastelowy r\u00f3z<\/li>\n<li>Wzrost: 110 cm<\/li>\n<li>Wielko\u015b\u0107 kwiatu: 9-10 cm<\/li>\n<li>Zapach: intensywny z wyra\u017anymi nutami grejpfruta<\/li>\n<li>Odporno\u015b\u0107 na choroby: bardzo dobra<\/li>\n<li>Stanowisko: s\u0142oneczne<\/li>\n<li>Okres kwitnienia: VI \u2013 IX<\/li>\n<li>Powtarza kwitnienie: tak<\/li>\n<li>Typ :wielkokwiatowa<\/li>\n<\/ul>\n","protected":false},"featured_media":23258,"comment_status":"open","ping_status":"closed","template":"","meta":[],"product_brand":[],"product_cat":[290,292,159,199],"product_tag":[247,206,185],"yoast_head":"<!-- This site is optimized with the Yoast SEO plugin v23.5 - https:\/\/yoast.com\/wordpress\/plugins\/seo\/ -->\n<title>ROSA WIELKOKWIATOWA PARIS EIFFELJUMPING\u00ae ORAGIMAD - R\u00f3\u017ce ogrodowe - Sklep Sobieszek producent<\/title>\n<meta name=\"description\" content=\"Krzew ro\u015bnie silnie, jest zdrowy i odporny, a przy tym bardzo obficie kwitnie przez ca\u0142y sezon. Dobrze radzi sobie w wi\u0119kszo\u015bci ogrod\u00f3w, zar\u00f3wno w nasadzeniach rabatowych, jak i w uprawie w du\u017cych pojemnikach na tarasach i balkonach.\" \/>\n<meta name=\"robots\" content=\"index, follow, max-snippet:-1, max-image-preview:large, max-video-preview:-1\" \/>\n<link rel=\"canonical\" href=\"https:\/\/roza-sobieszek.pl\/sklep\/produkt\/rosa-wielkokwiatowa-paris-eiffeljumping\/\" \/>\n<meta property=\"og:locale\" content=\"pl_PL\" \/>\n<meta property=\"og:type\" content=\"article\" \/>\n<meta property=\"og:title\" content=\"ROSA WIELKOKWIATOWA PARIS EIFFELJUMPING\u00ae ORAGIMAD - R\u00f3\u017ce ogrodowe - Sklep Sobieszek producent\" \/>\n<meta property=\"og:description\" content=\"Krzew ro\u015bnie silnie, jest zdrowy i odporny, a przy tym bardzo obficie kwitnie przez ca\u0142y sezon. Dobrze radzi sobie w wi\u0119kszo\u015bci ogrod\u00f3w, zar\u00f3wno w nasadzeniach rabatowych, jak i w uprawie w du\u017cych pojemnikach na tarasach i balkonach.\" \/>\n<meta property=\"og:url\" content=\"https:\/\/roza-sobieszek.pl\/sklep\/produkt\/rosa-wielkokwiatowa-paris-eiffeljumping\/\" \/>\n<meta property=\"og:site_name\" content=\"R\u00f3\u017ce ogrodowe - Sklep Sobieszek producent\" \/>\n<meta property=\"article:publisher\" content=\"https:\/\/www.facebook.com\/profile.php?id=100063681485170\" \/>\n<meta property=\"article:modified_time\" content=\"2026-03-29T08:46:36+00:00\" \/>\n<meta property=\"og:image\" content=\"https:\/\/roza-sobieszek.pl\/sklep\/wp-content\/uploads\/2026\/02\/PARIS-EIFFEL-JUMPING-Oragimad-02-rotated.jpg\" \/>\n\t<meta property=\"og:image:width\" content=\"3024\" \/>\n\t<meta property=\"og:image:height\" content=\"4032\" \/>\n\t<meta property=\"og:image:type\" content=\"image\/jpeg\" \/>\n<meta name=\"twitter:card\" content=\"summary_large_image\" \/>\n<meta name=\"twitter:label1\" content=\"Szacowany czas czytania\" \/>\n\t<meta name=\"twitter:data1\" content=\"1 minuta\" \/>\n<script type=\"application\/ld+json\" class=\"yoast-schema-graph\">{\"@context\":\"https:\/\/schema.org\",\"@graph\":[{\"@type\":\"WebPage\",\"@id\":\"https:\/\/roza-sobieszek.pl\/sklep\/produkt\/rosa-wielkokwiatowa-paris-eiffeljumping\/\",\"url\":\"https:\/\/roza-sobieszek.pl\/sklep\/produkt\/rosa-wielkokwiatowa-paris-eiffeljumping\/\",\"name\":\"ROSA WIELKOKWIATOWA PARIS EIFFELJUMPING\u00ae ORAGIMAD - R\u00f3\u017ce ogrodowe - Sklep Sobieszek producent\",\"isPartOf\":{\"@id\":\"https:\/\/roza-sobieszek.pl\/sklep\/#website\"},\"primaryImageOfPage\":{\"@id\":\"https:\/\/roza-sobieszek.pl\/sklep\/produkt\/rosa-wielkokwiatowa-paris-eiffeljumping\/#primaryimage\"},\"image\":{\"@id\":\"https:\/\/roza-sobieszek.pl\/sklep\/produkt\/rosa-wielkokwiatowa-paris-eiffeljumping\/#primaryimage\"},\"thumbnailUrl\":\"https:\/\/roza-sobieszek.pl\/sklep\/wp-content\/uploads\/2026\/02\/PARIS-EIFFEL-JUMPING-Oragimad-02-rotated.jpg\",\"datePublished\":\"2026-02-23T09:54:44+00:00\",\"dateModified\":\"2026-03-29T08:46:36+00:00\",\"description\":\"Krzew ro\u015bnie silnie, jest zdrowy i odporny, a przy tym bardzo obficie kwitnie przez ca\u0142y sezon. Dobrze radzi sobie w wi\u0119kszo\u015bci ogrod\u00f3w, zar\u00f3wno w nasadzeniach rabatowych, jak i w uprawie w du\u017cych pojemnikach na tarasach i balkonach.\",\"breadcrumb\":{\"@id\":\"https:\/\/roza-sobieszek.pl\/sklep\/produkt\/rosa-wielkokwiatowa-paris-eiffeljumping\/#breadcrumb\"},\"inLanguage\":\"pl-PL\",\"potentialAction\":[{\"@type\":\"ReadAction\",\"target\":[\"https:\/\/roza-sobieszek.pl\/sklep\/produkt\/rosa-wielkokwiatowa-paris-eiffeljumping\/\"]}]},{\"@type\":\"ImageObject\",\"inLanguage\":\"pl-PL\",\"@id\":\"https:\/\/roza-sobieszek.pl\/sklep\/produkt\/rosa-wielkokwiatowa-paris-eiffeljumping\/#primaryimage\",\"url\":\"https:\/\/roza-sobieszek.pl\/sklep\/wp-content\/uploads\/2026\/02\/PARIS-EIFFEL-JUMPING-Oragimad-02-rotated.jpg\",\"contentUrl\":\"https:\/\/roza-sobieszek.pl\/sklep\/wp-content\/uploads\/2026\/02\/PARIS-EIFFEL-JUMPING-Oragimad-02-rotated.jpg\",\"width\":3024,\"height\":4032},{\"@type\":\"BreadcrumbList\",\"@id\":\"https:\/\/roza-sobieszek.pl\/sklep\/produkt\/rosa-wielkokwiatowa-paris-eiffeljumping\/#breadcrumb\",\"itemListElement\":[{\"@type\":\"ListItem\",\"position\":1,\"name\":\"Strona g\u0142\u00f3wna\",\"item\":\"https:\/\/roza-sobieszek.pl\/sklep\/\"},{\"@type\":\"ListItem\",\"position\":2,\"name\":\"Shop\",\"item\":\"https:\/\/roza-sobieszek.pl\/sklep\/shop\/\"},{\"@type\":\"ListItem\",\"position\":3,\"name\":\"ROSA WIELKOKWIATOWA PARIS EIFFELJUMPING\u00ae ORAGIMAD\"}]},{\"@type\":\"WebSite\",\"@id\":\"https:\/\/roza-sobieszek.pl\/sklep\/#website\",\"url\":\"https:\/\/roza-sobieszek.pl\/sklep\/\",\"name\":\"R\u00f3\u017ce ogrodowe - Sklep Sobieszek producent\",\"description\":\"\",\"publisher\":{\"@id\":\"https:\/\/roza-sobieszek.pl\/sklep\/#organization\"},\"potentialAction\":[{\"@type\":\"SearchAction\",\"target\":{\"@type\":\"EntryPoint\",\"urlTemplate\":\"https:\/\/roza-sobieszek.pl\/sklep\/?s={search_term_string}\"},\"query-input\":{\"@type\":\"PropertyValueSpecification\",\"valueRequired\":true,\"valueName\":\"search_term_string\"}}],\"inLanguage\":\"pl-PL\"},{\"@type\":\"Organization\",\"@id\":\"https:\/\/roza-sobieszek.pl\/sklep\/#organization\",\"name\":\"R\u00f3\u017ce ogrodowe - Sklep Sobieszek producent\",\"url\":\"https:\/\/roza-sobieszek.pl\/sklep\/\",\"logo\":{\"@type\":\"ImageObject\",\"inLanguage\":\"pl-PL\",\"@id\":\"https:\/\/roza-sobieszek.pl\/sklep\/#\/schema\/logo\/image\/\",\"url\":\"https:\/\/roza-sobieszek.pl\/sklep\/wp-content\/uploads\/2016\/08\/IMG_0358-1.jpg\",\"contentUrl\":\"https:\/\/roza-sobieszek.pl\/sklep\/wp-content\/uploads\/2016\/08\/IMG_0358-1.jpg\",\"width\":2048,\"height\":1365,\"caption\":\"R\u00f3\u017ce ogrodowe - Sklep Sobieszek producent\"},\"image\":{\"@id\":\"https:\/\/roza-sobieszek.pl\/sklep\/#\/schema\/logo\/image\/\"},\"sameAs\":[\"https:\/\/www.facebook.com\/profile.php?id=100063681485170\"]}]}<\/script>\n<!-- \/ Yoast SEO plugin. -->","yoast_head_json":{"title":"ROSA WIELKOKWIATOWA PARIS EIFFELJUMPING\u00ae ORAGIMAD - R\u00f3\u017ce ogrodowe - Sklep Sobieszek producent","description":"Krzew ro\u015bnie silnie, jest zdrowy i odporny, a przy tym bardzo obficie kwitnie przez ca\u0142y sezon. Dobrze radzi sobie w wi\u0119kszo\u015bci ogrod\u00f3w, zar\u00f3wno w nasadzeniach rabatowych, jak i w uprawie w du\u017cych pojemnikach na tarasach i balkonach.","robots":{"index":"index","follow":"follow","max-snippet":"max-snippet:-1","max-image-preview":"max-image-preview:large","max-video-preview":"max-video-preview:-1"},"canonical":"https:\/\/roza-sobieszek.pl\/sklep\/produkt\/rosa-wielkokwiatowa-paris-eiffeljumping\/","og_locale":"pl_PL","og_type":"article","og_title":"ROSA WIELKOKWIATOWA PARIS EIFFELJUMPING\u00ae ORAGIMAD - R\u00f3\u017ce ogrodowe - Sklep Sobieszek producent","og_description":"Krzew ro\u015bnie silnie, jest zdrowy i odporny, a przy tym bardzo obficie kwitnie przez ca\u0142y sezon. Dobrze radzi sobie w wi\u0119kszo\u015bci ogrod\u00f3w, zar\u00f3wno w nasadzeniach rabatowych, jak i w uprawie w du\u017cych pojemnikach na tarasach i balkonach.","og_url":"https:\/\/roza-sobieszek.pl\/sklep\/produkt\/rosa-wielkokwiatowa-paris-eiffeljumping\/","og_site_name":"R\u00f3\u017ce ogrodowe - Sklep Sobieszek producent","article_publisher":"https:\/\/www.facebook.com\/profile.php?id=100063681485170","article_modified_time":"2026-03-29T08:46:36+00:00","og_image":[{"width":3024,"height":4032,"url":"https:\/\/roza-sobieszek.pl\/sklep\/wp-content\/uploads\/2026\/02\/PARIS-EIFFEL-JUMPING-Oragimad-02-rotated.jpg","type":"image\/jpeg"}],"twitter_card":"summary_large_image","twitter_misc":{"Szacowany czas czytania":"1 minuta"},"schema":{"@context":"https:\/\/schema.org","@graph":[{"@type":"WebPage","@id":"https:\/\/roza-sobieszek.pl\/sklep\/produkt\/rosa-wielkokwiatowa-paris-eiffeljumping\/","url":"https:\/\/roza-sobieszek.pl\/sklep\/produkt\/rosa-wielkokwiatowa-paris-eiffeljumping\/","name":"ROSA WIELKOKWIATOWA PARIS EIFFELJUMPING\u00ae ORAGIMAD - R\u00f3\u017ce ogrodowe - Sklep Sobieszek producent","isPartOf":{"@id":"https:\/\/roza-sobieszek.pl\/sklep\/#website"},"primaryImageOfPage":{"@id":"https:\/\/roza-sobieszek.pl\/sklep\/produkt\/rosa-wielkokwiatowa-paris-eiffeljumping\/#primaryimage"},"image":{"@id":"https:\/\/roza-sobieszek.pl\/sklep\/produkt\/rosa-wielkokwiatowa-paris-eiffeljumping\/#primaryimage"},"thumbnailUrl":"https:\/\/roza-sobieszek.pl\/sklep\/wp-content\/uploads\/2026\/02\/PARIS-EIFFEL-JUMPING-Oragimad-02-rotated.jpg","datePublished":"2026-02-23T09:54:44+00:00","dateModified":"2026-03-29T08:46:36+00:00","description":"Krzew ro\u015bnie silnie, jest zdrowy i odporny, a przy tym bardzo obficie kwitnie przez ca\u0142y sezon. Dobrze radzi sobie w wi\u0119kszo\u015bci ogrod\u00f3w, zar\u00f3wno w nasadzeniach rabatowych, jak i w uprawie w du\u017cych pojemnikach na tarasach i balkonach.","breadcrumb":{"@id":"https:\/\/roza-sobieszek.pl\/sklep\/produkt\/rosa-wielkokwiatowa-paris-eiffeljumping\/#breadcrumb"},"inLanguage":"pl-PL","potentialAction":[{"@type":"ReadAction","target":["https:\/\/roza-sobieszek.pl\/sklep\/produkt\/rosa-wielkokwiatowa-paris-eiffeljumping\/"]}]},{"@type":"ImageObject","inLanguage":"pl-PL","@id":"https:\/\/roza-sobieszek.pl\/sklep\/produkt\/rosa-wielkokwiatowa-paris-eiffeljumping\/#primaryimage","url":"https:\/\/roza-sobieszek.pl\/sklep\/wp-content\/uploads\/2026\/02\/PARIS-EIFFEL-JUMPING-Oragimad-02-rotated.jpg","contentUrl":"https:\/\/roza-sobieszek.pl\/sklep\/wp-content\/uploads\/2026\/02\/PARIS-EIFFEL-JUMPING-Oragimad-02-rotated.jpg","width":3024,"height":4032},{"@type":"BreadcrumbList","@id":"https:\/\/roza-sobieszek.pl\/sklep\/produkt\/rosa-wielkokwiatowa-paris-eiffeljumping\/#breadcrumb","itemListElement":[{"@type":"ListItem","position":1,"name":"Strona g\u0142\u00f3wna","item":"https:\/\/roza-sobieszek.pl\/sklep\/"},{"@type":"ListItem","position":2,"name":"Shop","item":"https:\/\/roza-sobieszek.pl\/sklep\/shop\/"},{"@type":"ListItem","position":3,"name":"ROSA WIELKOKWIATOWA PARIS EIFFELJUMPING\u00ae ORAGIMAD"}]},{"@type":"WebSite","@id":"https:\/\/roza-sobieszek.pl\/sklep\/#website","url":"https:\/\/roza-sobieszek.pl\/sklep\/","name":"R\u00f3\u017ce ogrodowe - Sklep Sobieszek producent","description":"","publisher":{"@id":"https:\/\/roza-sobieszek.pl\/sklep\/#organization"},"potentialAction":[{"@type":"SearchAction","target":{"@type":"EntryPoint","urlTemplate":"https:\/\/roza-sobieszek.pl\/sklep\/?s={search_term_string}"},"query-input":{"@type":"PropertyValueSpecification","valueRequired":true,"valueName":"search_term_string"}}],"inLanguage":"pl-PL"},{"@type":"Organization","@id":"https:\/\/roza-sobieszek.pl\/sklep\/#organization","name":"R\u00f3\u017ce ogrodowe - Sklep Sobieszek producent","url":"https:\/\/roza-sobieszek.pl\/sklep\/","logo":{"@type":"ImageObject","inLanguage":"pl-PL","@id":"https:\/\/roza-sobieszek.pl\/sklep\/#\/schema\/logo\/image\/","url":"https:\/\/roza-sobieszek.pl\/sklep\/wp-content\/uploads\/2016\/08\/IMG_0358-1.jpg","contentUrl":"https:\/\/roza-sobieszek.pl\/sklep\/wp-content\/uploads\/2016\/08\/IMG_0358-1.jpg","width":2048,"height":1365,"caption":"R\u00f3\u017ce ogrodowe - Sklep Sobieszek producent"},"image":{"@id":"https:\/\/roza-sobieszek.pl\/sklep\/#\/schema\/logo\/image\/"},"sameAs":["https:\/\/www.facebook.com\/profile.php?id=100063681485170"]}]}},"_links":{"self":[{"href":"https:\/\/roza-sobieszek.pl\/sklep\/wp-json\/wp\/v2\/product\/23254"}],"collection":[{"href":"https:\/\/roza-sobieszek.pl\/sklep\/wp-json\/wp\/v2\/product"}],"about":[{"href":"https:\/\/roza-sobieszek.pl\/sklep\/wp-json\/wp\/v2\/types\/product"}],"replies":[{"embeddable":true,"href":"https:\/\/roza-sobieszek.pl\/sklep\/wp-json\/wp\/v2\/comments?post=23254"}],"wp:featuredmedia":[{"embeddable":true,"href":"https:\/\/roza-sobieszek.pl\/sklep\/wp-json\/wp\/v2\/media\/23258"}],"wp:attachment":[{"href":"https:\/\/roza-sobieszek.pl\/sklep\/wp-json\/wp\/v2\/media?parent=23254"}],"wp:term":[{"taxonomy":"product_brand","embeddable":true,"href":"https:\/\/roza-sobieszek.pl\/sklep\/wp-json\/wp\/v2\/product_brand?post=23254"},{"taxonomy":"product_cat","embeddable":true,"href":"https:\/\/roza-sobieszek.pl\/sklep\/wp-json\/wp\/v2\/product_cat?post=23254"},{"taxonomy":"product_tag","embeddable":true,"href":"https:\/\/roza-sobieszek.pl\/sklep\/wp-json\/wp\/v2\/product_tag?post=23254"}],"curies":[{"name":"wp","href":"https:\/\/api.w.org\/{rel}","templated":true}]}}