{"id":23267,"date":"2026-02-23T10:41:11","date_gmt":"2026-02-23T10:41:11","guid":{"rendered":"https:\/\/roza-sobieszek.pl\/sklep\/?post_type=product&#038;p=23267"},"modified":"2026-03-03T09:11:11","modified_gmt":"2026-03-03T09:11:11","slug":"rosa-wielkokwiatowa-hameau-duboeuf-oradassac","status":"publish","type":"product","link":"https:\/\/roza-sobieszek.pl\/sklep\/produkt\/rosa-wielkokwiatowa-hameau-duboeuf-oradassac\/","title":{"rendered":"ROSA WIELKOKWIATOWA  HAMEAU DUBOEUF\u00ae ORADASSAC"},"content":{"rendered":"<h3>R\u00d3\u017bA WIELKOKWIATOWA HAMEAU DUBOEUF\u00ae ORADASSAC<\/h3>\n<p data-start=\"167\" data-end=\"437\"><strong data-start=\"167\" data-end=\"208\"><span class=\"hover:entity-accent entity-underline inline cursor-pointer align-baseline\"><span class=\"whitespace-normal\">Rosa 'HAMEAU DUBOEUF&#8217;<\/span><\/span><\/strong> to r\u00f3\u017ca o g\u0142\u0119bokiej, czerwonej barwie i aksamitnych, pe\u0142nych p\u0142atkach, kt\u00f3re przywodz\u0105 na my\u015bl bogate kolory win Beaujolais. Jej kwiaty zachwycaj\u0105 intensywnym, uwodzicielskim zapachem, wnosz\u0105cym w ogr\u00f3d nuty owoc\u00f3w i przypraw.<\/p>\n<p data-start=\"439\" data-end=\"610\">Krzew jest mocny, odporny na choroby i obficie kwitnie przez ca\u0142y sezon. Doskonale nadaje si\u0119 zar\u00f3wno do gruntu, jak i do uprawy w pojemnikach \u2013 na tarasie czy balkonie.<\/p>\n<p data-start=\"612\" data-end=\"747\">HAMEAU DUBOEUF\u00ae to r\u00f3\u017ca, kt\u00f3ra \u0142\u0105czy elegancj\u0119 ogrodu z tradycj\u0105 winiarsk\u0105 Beaujolais, tworz\u0105c harmonijn\u0105 kompozycj\u0119 barw i zapach\u00f3w.<\/p>\n<div class=\"elementor-element elementor-element-b17dc0e elementor-widget elementor-widget-heading animated fadeIn\" data-id=\"b17dc0e\" data-element_type=\"widget\" data-settings=\"{&quot;_animation&quot;:&quot;fadeIn&quot;,&quot;_animation_delay&quot;:150}\" data-widget_type=\"heading.default\">\n<div class=\"elementor-widget-container\">\n<h3 class=\"elementor-heading-title elementor-size-default\"><span dir=\"auto\">NAGRODY<\/span><\/h3>\n<\/div>\n<\/div>\n<div class=\"elementor-element elementor-element-28491ad elementor-icon-list--layout-traditional elementor-list-item-link-full_width elementor-widget elementor-widget-icon-list animated fadeIn\" data-id=\"28491ad\" data-element_type=\"widget\" data-settings=\"{&quot;_animation&quot;:&quot;fadeIn&quot;,&quot;_animation_delay&quot;:200}\" data-widget_type=\"icon-list.default\">\n<div class=\"elementor-widget-container\">\n<ul class=\"elementor-icon-list-items\">\n<li class=\"elementor-icon-list-item\"><i class=\"fas fa-check-circle\" aria-hidden=\"true\"><\/i><span class=\"elementor-icon-list-text\"><span dir=\"auto\">Srebrny Medal, Bolonia 2021<\/span><\/span><\/li>\n<li class=\"elementor-icon-list-item\"><i class=\"fas fa-check-circle\" aria-hidden=\"true\"><\/i><span class=\"elementor-icon-list-text\"><span dir=\"auto\">Nagroda Perfum, Madryt 2021<\/span><\/span><\/li>\n<li class=\"elementor-icon-list-item\"><i class=\"fas fa-check-circle\" aria-hidden=\"true\"><\/i><span class=\"elementor-icon-list-text\"><span dir=\"auto\">Br\u0105zowy medal, Echigo (Japonia) 2024<\/span><\/span><\/li>\n<li class=\"elementor-icon-list-item\"><i class=\"fas fa-check-circle\" aria-hidden=\"true\"><\/i><span class=\"elementor-icon-list-text\"><span dir=\"auto\">Br\u0105zowy medal, Rzym 2024<\/span><\/span><\/li>\n<li class=\"elementor-icon-list-item\"><i class=\"fas fa-check-circle\" aria-hidden=\"true\"><\/i><span class=\"elementor-icon-list-text\"><span dir=\"auto\">Nagroda Perfumowa, 17. edycja Grand Prix de la Rose SNHF, 2025<\/span><\/span><\/li>\n<\/ul>\n<\/div>\n<\/div>\n<p>&nbsp;<\/p>\n<h2><span style=\"border-radius: 2px; text-indent: 20px; width: auto; padding: 0px 4px 0px 0px; text-align: center; font: bold 11px\/20px 'Helvetica Neue',Helvetica,sans-serif; color: #ffffff; background: #bd081c no-repeat scroll 3px 50% \/ 14px 14px; position: absolute; opacity: 1; z-index: 8675309; display: none; cursor: pointer;\">Zapisz<\/span> <span style=\"border-radius: 2px; text-indent: 20px; width: auto; padding: 0px 4px 0px 0px; text-align: center; font: bold 11px\/20px 'Helvetica Neue',Helvetica,sans-serif; color: #ffffff; background: #bd081c no-repeat scroll 3px 50% \/ 14px 14px; position: absolute; opacity: 1; z-index: 8675309; display: none; cursor: pointer;\">Zapisz<\/span><\/h2>\n","protected":false},"excerpt":{"rendered":"<p>R\u00d3\u017bA WIELKOKWIATOWA HAMEAU DUBOEUF\u00ae ORADASSAC<\/p>\n<ul>\n<li>Nazwa: HAMEAU DUBOEUF\u00ae ORADASSAC<\/li>\n<li>Kolor: intensywnie czerwony<\/li>\n<li>Wzrost: 90-100 cm<\/li>\n<li>Wielko\u015b\u0107 kwiatu: 7-8 cm<\/li>\n<li>Zapach: intensywny<\/li>\n<li>Odporno\u015b\u0107 na choroby: bardzo dobra<\/li>\n<li>Stanowisko: s\u0142oneczne<\/li>\n<li>Okres kwitnienia: VI \u2013 IX<\/li>\n<li>Powtarza kwitnienie: tak<\/li>\n<li>Typ :wielkokwiatowa<\/li>\n<\/ul>\n","protected":false},"featured_media":23271,"comment_status":"open","ping_status":"closed","template":"","meta":[],"product_brand":[],"product_cat":[290,292,159,199],"product_tag":[247,206,185],"yoast_head":"<!-- This site is optimized with the Yoast SEO plugin v23.5 - https:\/\/yoast.com\/wordpress\/plugins\/seo\/ -->\n<title>ROSA WIELKOKWIATOWA HAMEAU DUBOEUF\u00ae ORADASSAC - R\u00f3\u017ce ogrodowe - Sklep Sobieszek producent<\/title>\n<meta name=\"description\" content=\"Krzew ro\u015bnie silnie, jest zdrowy i odporny, a przy tym bardzo obficie kwitnie przez ca\u0142y sezon. Dobrze radzi sobie w wi\u0119kszo\u015bci ogrod\u00f3w, zar\u00f3wno w nasadzeniach rabatowych, jak i w uprawie w du\u017cych pojemnikach na tarasach i balkonach.\" \/>\n<meta name=\"robots\" content=\"index, follow, max-snippet:-1, max-image-preview:large, max-video-preview:-1\" \/>\n<link rel=\"canonical\" href=\"https:\/\/roza-sobieszek.pl\/sklep\/produkt\/rosa-wielkokwiatowa-hameau-duboeuf-oradassac\/\" \/>\n<meta property=\"og:locale\" content=\"pl_PL\" \/>\n<meta property=\"og:type\" content=\"article\" \/>\n<meta property=\"og:title\" content=\"ROSA WIELKOKWIATOWA HAMEAU DUBOEUF\u00ae ORADASSAC - R\u00f3\u017ce ogrodowe - Sklep Sobieszek producent\" \/>\n<meta property=\"og:description\" content=\"Krzew ro\u015bnie silnie, jest zdrowy i odporny, a przy tym bardzo obficie kwitnie przez ca\u0142y sezon. Dobrze radzi sobie w wi\u0119kszo\u015bci ogrod\u00f3w, zar\u00f3wno w nasadzeniach rabatowych, jak i w uprawie w du\u017cych pojemnikach na tarasach i balkonach.\" \/>\n<meta property=\"og:url\" content=\"https:\/\/roza-sobieszek.pl\/sklep\/produkt\/rosa-wielkokwiatowa-hameau-duboeuf-oradassac\/\" \/>\n<meta property=\"og:site_name\" content=\"R\u00f3\u017ce ogrodowe - Sklep Sobieszek producent\" \/>\n<meta property=\"article:publisher\" content=\"https:\/\/www.facebook.com\/profile.php?id=100063681485170\" \/>\n<meta property=\"article:modified_time\" content=\"2026-03-03T09:11:11+00:00\" \/>\n<meta property=\"og:image\" content=\"https:\/\/roza-sobieszek.pl\/sklep\/wp-content\/uploads\/2026\/02\/HAMEAU-DUBOEUF-Oradassac.jpg\" \/>\n\t<meta property=\"og:image:width\" content=\"2984\" \/>\n\t<meta property=\"og:image:height\" content=\"3400\" \/>\n\t<meta property=\"og:image:type\" content=\"image\/jpeg\" \/>\n<meta name=\"twitter:card\" content=\"summary_large_image\" \/>\n<meta name=\"twitter:label1\" content=\"Szacowany czas czytania\" \/>\n\t<meta name=\"twitter:data1\" content=\"1 minuta\" \/>\n<script type=\"application\/ld+json\" class=\"yoast-schema-graph\">{\"@context\":\"https:\/\/schema.org\",\"@graph\":[{\"@type\":\"WebPage\",\"@id\":\"https:\/\/roza-sobieszek.pl\/sklep\/produkt\/rosa-wielkokwiatowa-hameau-duboeuf-oradassac\/\",\"url\":\"https:\/\/roza-sobieszek.pl\/sklep\/produkt\/rosa-wielkokwiatowa-hameau-duboeuf-oradassac\/\",\"name\":\"ROSA WIELKOKWIATOWA HAMEAU DUBOEUF\u00ae ORADASSAC - R\u00f3\u017ce ogrodowe - Sklep Sobieszek producent\",\"isPartOf\":{\"@id\":\"https:\/\/roza-sobieszek.pl\/sklep\/#website\"},\"primaryImageOfPage\":{\"@id\":\"https:\/\/roza-sobieszek.pl\/sklep\/produkt\/rosa-wielkokwiatowa-hameau-duboeuf-oradassac\/#primaryimage\"},\"image\":{\"@id\":\"https:\/\/roza-sobieszek.pl\/sklep\/produkt\/rosa-wielkokwiatowa-hameau-duboeuf-oradassac\/#primaryimage\"},\"thumbnailUrl\":\"https:\/\/roza-sobieszek.pl\/sklep\/wp-content\/uploads\/2026\/02\/HAMEAU-DUBOEUF-Oradassac.jpg\",\"datePublished\":\"2026-02-23T10:41:11+00:00\",\"dateModified\":\"2026-03-03T09:11:11+00:00\",\"description\":\"Krzew ro\u015bnie silnie, jest zdrowy i odporny, a przy tym bardzo obficie kwitnie przez ca\u0142y sezon. Dobrze radzi sobie w wi\u0119kszo\u015bci ogrod\u00f3w, zar\u00f3wno w nasadzeniach rabatowych, jak i w uprawie w du\u017cych pojemnikach na tarasach i balkonach.\",\"breadcrumb\":{\"@id\":\"https:\/\/roza-sobieszek.pl\/sklep\/produkt\/rosa-wielkokwiatowa-hameau-duboeuf-oradassac\/#breadcrumb\"},\"inLanguage\":\"pl-PL\",\"potentialAction\":[{\"@type\":\"ReadAction\",\"target\":[\"https:\/\/roza-sobieszek.pl\/sklep\/produkt\/rosa-wielkokwiatowa-hameau-duboeuf-oradassac\/\"]}]},{\"@type\":\"ImageObject\",\"inLanguage\":\"pl-PL\",\"@id\":\"https:\/\/roza-sobieszek.pl\/sklep\/produkt\/rosa-wielkokwiatowa-hameau-duboeuf-oradassac\/#primaryimage\",\"url\":\"https:\/\/roza-sobieszek.pl\/sklep\/wp-content\/uploads\/2026\/02\/HAMEAU-DUBOEUF-Oradassac.jpg\",\"contentUrl\":\"https:\/\/roza-sobieszek.pl\/sklep\/wp-content\/uploads\/2026\/02\/HAMEAU-DUBOEUF-Oradassac.jpg\",\"width\":2984,\"height\":3400},{\"@type\":\"BreadcrumbList\",\"@id\":\"https:\/\/roza-sobieszek.pl\/sklep\/produkt\/rosa-wielkokwiatowa-hameau-duboeuf-oradassac\/#breadcrumb\",\"itemListElement\":[{\"@type\":\"ListItem\",\"position\":1,\"name\":\"Strona g\u0142\u00f3wna\",\"item\":\"https:\/\/roza-sobieszek.pl\/sklep\/\"},{\"@type\":\"ListItem\",\"position\":2,\"name\":\"Shop\",\"item\":\"https:\/\/roza-sobieszek.pl\/sklep\/shop\/\"},{\"@type\":\"ListItem\",\"position\":3,\"name\":\"ROSA WIELKOKWIATOWA HAMEAU DUBOEUF\u00ae ORADASSAC\"}]},{\"@type\":\"WebSite\",\"@id\":\"https:\/\/roza-sobieszek.pl\/sklep\/#website\",\"url\":\"https:\/\/roza-sobieszek.pl\/sklep\/\",\"name\":\"R\u00f3\u017ce ogrodowe - Sklep Sobieszek producent\",\"description\":\"\",\"publisher\":{\"@id\":\"https:\/\/roza-sobieszek.pl\/sklep\/#organization\"},\"potentialAction\":[{\"@type\":\"SearchAction\",\"target\":{\"@type\":\"EntryPoint\",\"urlTemplate\":\"https:\/\/roza-sobieszek.pl\/sklep\/?s={search_term_string}\"},\"query-input\":{\"@type\":\"PropertyValueSpecification\",\"valueRequired\":true,\"valueName\":\"search_term_string\"}}],\"inLanguage\":\"pl-PL\"},{\"@type\":\"Organization\",\"@id\":\"https:\/\/roza-sobieszek.pl\/sklep\/#organization\",\"name\":\"R\u00f3\u017ce ogrodowe - Sklep Sobieszek producent\",\"url\":\"https:\/\/roza-sobieszek.pl\/sklep\/\",\"logo\":{\"@type\":\"ImageObject\",\"inLanguage\":\"pl-PL\",\"@id\":\"https:\/\/roza-sobieszek.pl\/sklep\/#\/schema\/logo\/image\/\",\"url\":\"https:\/\/roza-sobieszek.pl\/sklep\/wp-content\/uploads\/2016\/08\/IMG_0358-1.jpg\",\"contentUrl\":\"https:\/\/roza-sobieszek.pl\/sklep\/wp-content\/uploads\/2016\/08\/IMG_0358-1.jpg\",\"width\":2048,\"height\":1365,\"caption\":\"R\u00f3\u017ce ogrodowe - Sklep Sobieszek producent\"},\"image\":{\"@id\":\"https:\/\/roza-sobieszek.pl\/sklep\/#\/schema\/logo\/image\/\"},\"sameAs\":[\"https:\/\/www.facebook.com\/profile.php?id=100063681485170\"]}]}<\/script>\n<!-- \/ Yoast SEO plugin. -->","yoast_head_json":{"title":"ROSA WIELKOKWIATOWA HAMEAU DUBOEUF\u00ae ORADASSAC - R\u00f3\u017ce ogrodowe - Sklep Sobieszek producent","description":"Krzew ro\u015bnie silnie, jest zdrowy i odporny, a przy tym bardzo obficie kwitnie przez ca\u0142y sezon. Dobrze radzi sobie w wi\u0119kszo\u015bci ogrod\u00f3w, zar\u00f3wno w nasadzeniach rabatowych, jak i w uprawie w du\u017cych pojemnikach na tarasach i balkonach.","robots":{"index":"index","follow":"follow","max-snippet":"max-snippet:-1","max-image-preview":"max-image-preview:large","max-video-preview":"max-video-preview:-1"},"canonical":"https:\/\/roza-sobieszek.pl\/sklep\/produkt\/rosa-wielkokwiatowa-hameau-duboeuf-oradassac\/","og_locale":"pl_PL","og_type":"article","og_title":"ROSA WIELKOKWIATOWA HAMEAU DUBOEUF\u00ae ORADASSAC - R\u00f3\u017ce ogrodowe - Sklep Sobieszek producent","og_description":"Krzew ro\u015bnie silnie, jest zdrowy i odporny, a przy tym bardzo obficie kwitnie przez ca\u0142y sezon. Dobrze radzi sobie w wi\u0119kszo\u015bci ogrod\u00f3w, zar\u00f3wno w nasadzeniach rabatowych, jak i w uprawie w du\u017cych pojemnikach na tarasach i balkonach.","og_url":"https:\/\/roza-sobieszek.pl\/sklep\/produkt\/rosa-wielkokwiatowa-hameau-duboeuf-oradassac\/","og_site_name":"R\u00f3\u017ce ogrodowe - Sklep Sobieszek producent","article_publisher":"https:\/\/www.facebook.com\/profile.php?id=100063681485170","article_modified_time":"2026-03-03T09:11:11+00:00","og_image":[{"width":2984,"height":3400,"url":"https:\/\/roza-sobieszek.pl\/sklep\/wp-content\/uploads\/2026\/02\/HAMEAU-DUBOEUF-Oradassac.jpg","type":"image\/jpeg"}],"twitter_card":"summary_large_image","twitter_misc":{"Szacowany czas czytania":"1 minuta"},"schema":{"@context":"https:\/\/schema.org","@graph":[{"@type":"WebPage","@id":"https:\/\/roza-sobieszek.pl\/sklep\/produkt\/rosa-wielkokwiatowa-hameau-duboeuf-oradassac\/","url":"https:\/\/roza-sobieszek.pl\/sklep\/produkt\/rosa-wielkokwiatowa-hameau-duboeuf-oradassac\/","name":"ROSA WIELKOKWIATOWA HAMEAU DUBOEUF\u00ae ORADASSAC - R\u00f3\u017ce ogrodowe - Sklep Sobieszek producent","isPartOf":{"@id":"https:\/\/roza-sobieszek.pl\/sklep\/#website"},"primaryImageOfPage":{"@id":"https:\/\/roza-sobieszek.pl\/sklep\/produkt\/rosa-wielkokwiatowa-hameau-duboeuf-oradassac\/#primaryimage"},"image":{"@id":"https:\/\/roza-sobieszek.pl\/sklep\/produkt\/rosa-wielkokwiatowa-hameau-duboeuf-oradassac\/#primaryimage"},"thumbnailUrl":"https:\/\/roza-sobieszek.pl\/sklep\/wp-content\/uploads\/2026\/02\/HAMEAU-DUBOEUF-Oradassac.jpg","datePublished":"2026-02-23T10:41:11+00:00","dateModified":"2026-03-03T09:11:11+00:00","description":"Krzew ro\u015bnie silnie, jest zdrowy i odporny, a przy tym bardzo obficie kwitnie przez ca\u0142y sezon. Dobrze radzi sobie w wi\u0119kszo\u015bci ogrod\u00f3w, zar\u00f3wno w nasadzeniach rabatowych, jak i w uprawie w du\u017cych pojemnikach na tarasach i balkonach.","breadcrumb":{"@id":"https:\/\/roza-sobieszek.pl\/sklep\/produkt\/rosa-wielkokwiatowa-hameau-duboeuf-oradassac\/#breadcrumb"},"inLanguage":"pl-PL","potentialAction":[{"@type":"ReadAction","target":["https:\/\/roza-sobieszek.pl\/sklep\/produkt\/rosa-wielkokwiatowa-hameau-duboeuf-oradassac\/"]}]},{"@type":"ImageObject","inLanguage":"pl-PL","@id":"https:\/\/roza-sobieszek.pl\/sklep\/produkt\/rosa-wielkokwiatowa-hameau-duboeuf-oradassac\/#primaryimage","url":"https:\/\/roza-sobieszek.pl\/sklep\/wp-content\/uploads\/2026\/02\/HAMEAU-DUBOEUF-Oradassac.jpg","contentUrl":"https:\/\/roza-sobieszek.pl\/sklep\/wp-content\/uploads\/2026\/02\/HAMEAU-DUBOEUF-Oradassac.jpg","width":2984,"height":3400},{"@type":"BreadcrumbList","@id":"https:\/\/roza-sobieszek.pl\/sklep\/produkt\/rosa-wielkokwiatowa-hameau-duboeuf-oradassac\/#breadcrumb","itemListElement":[{"@type":"ListItem","position":1,"name":"Strona g\u0142\u00f3wna","item":"https:\/\/roza-sobieszek.pl\/sklep\/"},{"@type":"ListItem","position":2,"name":"Shop","item":"https:\/\/roza-sobieszek.pl\/sklep\/shop\/"},{"@type":"ListItem","position":3,"name":"ROSA WIELKOKWIATOWA HAMEAU DUBOEUF\u00ae ORADASSAC"}]},{"@type":"WebSite","@id":"https:\/\/roza-sobieszek.pl\/sklep\/#website","url":"https:\/\/roza-sobieszek.pl\/sklep\/","name":"R\u00f3\u017ce ogrodowe - Sklep Sobieszek producent","description":"","publisher":{"@id":"https:\/\/roza-sobieszek.pl\/sklep\/#organization"},"potentialAction":[{"@type":"SearchAction","target":{"@type":"EntryPoint","urlTemplate":"https:\/\/roza-sobieszek.pl\/sklep\/?s={search_term_string}"},"query-input":{"@type":"PropertyValueSpecification","valueRequired":true,"valueName":"search_term_string"}}],"inLanguage":"pl-PL"},{"@type":"Organization","@id":"https:\/\/roza-sobieszek.pl\/sklep\/#organization","name":"R\u00f3\u017ce ogrodowe - Sklep Sobieszek producent","url":"https:\/\/roza-sobieszek.pl\/sklep\/","logo":{"@type":"ImageObject","inLanguage":"pl-PL","@id":"https:\/\/roza-sobieszek.pl\/sklep\/#\/schema\/logo\/image\/","url":"https:\/\/roza-sobieszek.pl\/sklep\/wp-content\/uploads\/2016\/08\/IMG_0358-1.jpg","contentUrl":"https:\/\/roza-sobieszek.pl\/sklep\/wp-content\/uploads\/2016\/08\/IMG_0358-1.jpg","width":2048,"height":1365,"caption":"R\u00f3\u017ce ogrodowe - Sklep Sobieszek producent"},"image":{"@id":"https:\/\/roza-sobieszek.pl\/sklep\/#\/schema\/logo\/image\/"},"sameAs":["https:\/\/www.facebook.com\/profile.php?id=100063681485170"]}]}},"_links":{"self":[{"href":"https:\/\/roza-sobieszek.pl\/sklep\/wp-json\/wp\/v2\/product\/23267"}],"collection":[{"href":"https:\/\/roza-sobieszek.pl\/sklep\/wp-json\/wp\/v2\/product"}],"about":[{"href":"https:\/\/roza-sobieszek.pl\/sklep\/wp-json\/wp\/v2\/types\/product"}],"replies":[{"embeddable":true,"href":"https:\/\/roza-sobieszek.pl\/sklep\/wp-json\/wp\/v2\/comments?post=23267"}],"wp:featuredmedia":[{"embeddable":true,"href":"https:\/\/roza-sobieszek.pl\/sklep\/wp-json\/wp\/v2\/media\/23271"}],"wp:attachment":[{"href":"https:\/\/roza-sobieszek.pl\/sklep\/wp-json\/wp\/v2\/media?parent=23267"}],"wp:term":[{"taxonomy":"product_brand","embeddable":true,"href":"https:\/\/roza-sobieszek.pl\/sklep\/wp-json\/wp\/v2\/product_brand?post=23267"},{"taxonomy":"product_cat","embeddable":true,"href":"https:\/\/roza-sobieszek.pl\/sklep\/wp-json\/wp\/v2\/product_cat?post=23267"},{"taxonomy":"product_tag","embeddable":true,"href":"https:\/\/roza-sobieszek.pl\/sklep\/wp-json\/wp\/v2\/product_tag?post=23267"}],"curies":[{"name":"wp","href":"https:\/\/api.w.org\/{rel}","templated":true}]}}