{"id":23289,"date":"2026-02-23T11:48:10","date_gmt":"2026-02-23T11:48:10","guid":{"rendered":"https:\/\/roza-sobieszek.pl\/sklep\/?post_type=product&#038;p=23289"},"modified":"2026-03-24T20:10:09","modified_gmt":"2026-03-24T20:10:09","slug":"roza-pnaca-tchic-tchacoraducam","status":"publish","type":"product","link":"https:\/\/roza-sobieszek.pl\/sklep\/produkt\/roza-pnaca-tchic-tchacoraducam\/","title":{"rendered":"R\u00f3\u017ca Pn\u0105ca  TCHIC-TCHAC\u00ae ORADUCAM"},"content":{"rendered":"<h2>\u00a0TCHIC-TCHAC\u00ae ORADUCAM<\/h2>\n<p data-start=\"134\" data-end=\"385\">Ta \u0142atwa w uprawie <strong data-start=\"153\" data-end=\"194\"><span class=\"hover:entity-accent entity-underline inline cursor-pointer align-baseline\"><span class=\"whitespace-normal\">pn\u0105ca r\u00f3\u017ca<\/span><\/span><\/strong> zachwyca nie tylko wygl\u0105dem, ale i si\u0142\u0105 wzrostu. Doskonale przystosowuje si\u0119 do r\u00f3\u017cnych pod\u0142o\u017cy \u2013 mur\u00f3w, p\u0142ot\u00f3w, altan czy pergoli \u2013 dzi\u0119ki czemu szybko tworzy bujne, efektowne kompozycje.<\/p>\n<p data-start=\"387\" data-end=\"605\">Jej kwiaty maj\u0105 g\u0142\u0119bok\u0105 czerwie\u0144 z domieszk\u0105 cynobru, s\u0105 pe\u0142ne i obficie kwitn\u0105 przez ca\u0142y sezon. Dodatkowo wydzielaj\u0105 intensywny, odurzaj\u0105cy zapach, kt\u00f3ry wype\u0142nia ogr\u00f3d aromatem i podkre\u015bla wizualne pi\u0119kno ro\u015bliny.<\/p>\n<p data-start=\"607\" data-end=\"749\">To idealny wyb\u00f3r dla os\u00f3b szukaj\u0105cych \u0142atwej w uprawie pn\u0105cej r\u00f3\u017cy, kt\u00f3ra po\u0142\u0105czy elegancj\u0119, barw\u0119 i zapach w jednym spektakularnym efekcie.<\/p>\n<h2><span style=\"border-radius: 2px; text-indent: 20px; width: auto; padding: 0px 4px 0px 0px; text-align: center; font: bold 11px\/20px 'Helvetica Neue',Helvetica,sans-serif; color: #ffffff; background: #bd081c no-repeat scroll 3px 50% \/ 14px 14px; position: absolute; opacity: 1; z-index: 8675309; display: none; cursor: pointer;\">Zapisz<\/span> <span style=\"border-radius: 2px; text-indent: 20px; width: auto; padding: 0px 4px 0px 0px; text-align: center; font: bold 11px\/20px 'Helvetica Neue',Helvetica,sans-serif; color: #ffffff; background: #bd081c no-repeat scroll 3px 50% \/ 14px 14px; position: absolute; opacity: 1; z-index: 8675309; display: none; cursor: pointer;\">Zapisz<\/span><\/h2>\n","protected":false},"excerpt":{"rendered":"<p>R\u00f3\u017ca Pn\u0105ca Tchic-tchac\u00ae Oraducam<\/p>\n<ul>\n<li>Nazwa: Tchic-tchac\u00ae Oraducam<\/li>\n<li>Kolor: ciemnoczerwony z cynobrowymi refleksami<\/li>\n<li>Wzrost: 250-300 cm<\/li>\n<li>Wielko\u015b\u0107 kwiatu: 10 cm<\/li>\n<li>Zapach: intensywny<\/li>\n<li>Odporno\u015b\u0107 na choroby: dobra<\/li>\n<li>Stanowisko: s\u0142oneczne<\/li>\n<li>Okres kwitnienia: VI \u2013 IX<\/li>\n<li>Powtarza kwitnienie: tak<\/li>\n<li>Typ :pn\u0105ca<\/li>\n<\/ul>\n","protected":false},"featured_media":23293,"comment_status":"open","ping_status":"closed","template":"","meta":[],"product_brand":[305],"product_cat":[290,292,157,199],"product_tag":[247,297,206],"yoast_head":"<!-- This site is optimized with the Yoast SEO plugin v23.5 - https:\/\/yoast.com\/wordpress\/plugins\/seo\/ -->\n<title>R\u00f3\u017ca Pn\u0105ca TCHIC-TCHAC\u00ae ORADUCAM - R\u00f3\u017ce ogrodowe - Sklep Sobieszek producent<\/title>\n<meta name=\"description\" content=\"Jej kwiaty maj\u0105 g\u0142\u0119bok\u0105 czerwie\u0144 z domieszk\u0105 cynobru, s\u0105 pe\u0142ne i obficie kwitn\u0105 przez ca\u0142y sezon. Dodatkowo wydzielaj\u0105 intensywny, odurzaj\u0105cy zapach, kt\u00f3ry wype\u0142nia ogr\u00f3d aromatem i podkre\u015bla wizualne pi\u0119kno ro\u015bliny.\" \/>\n<meta name=\"robots\" content=\"index, follow, max-snippet:-1, max-image-preview:large, max-video-preview:-1\" \/>\n<link rel=\"canonical\" href=\"https:\/\/roza-sobieszek.pl\/sklep\/produkt\/roza-pnaca-tchic-tchacoraducam\/\" \/>\n<meta property=\"og:locale\" content=\"pl_PL\" \/>\n<meta property=\"og:type\" content=\"article\" \/>\n<meta property=\"og:title\" content=\"R\u00f3\u017ca Pn\u0105ca TCHIC-TCHAC\u00ae ORADUCAM - R\u00f3\u017ce ogrodowe - Sklep Sobieszek producent\" \/>\n<meta property=\"og:description\" content=\"Jej kwiaty maj\u0105 g\u0142\u0119bok\u0105 czerwie\u0144 z domieszk\u0105 cynobru, s\u0105 pe\u0142ne i obficie kwitn\u0105 przez ca\u0142y sezon. Dodatkowo wydzielaj\u0105 intensywny, odurzaj\u0105cy zapach, kt\u00f3ry wype\u0142nia ogr\u00f3d aromatem i podkre\u015bla wizualne pi\u0119kno ro\u015bliny.\" \/>\n<meta property=\"og:url\" content=\"https:\/\/roza-sobieszek.pl\/sklep\/produkt\/roza-pnaca-tchic-tchacoraducam\/\" \/>\n<meta property=\"og:site_name\" content=\"R\u00f3\u017ce ogrodowe - Sklep Sobieszek producent\" \/>\n<meta property=\"article:publisher\" content=\"https:\/\/www.facebook.com\/profile.php?id=100063681485170\" \/>\n<meta property=\"article:modified_time\" content=\"2026-03-24T20:10:09+00:00\" \/>\n<meta property=\"og:image\" content=\"https:\/\/roza-sobieszek.pl\/sklep\/wp-content\/uploads\/2026\/02\/TCHIC-TCHAC-Oraducam-3.jpg\" \/>\n\t<meta property=\"og:image:width\" content=\"2589\" \/>\n\t<meta property=\"og:image:height\" content=\"2513\" \/>\n\t<meta property=\"og:image:type\" content=\"image\/jpeg\" \/>\n<meta name=\"twitter:card\" content=\"summary_large_image\" \/>\n<meta name=\"twitter:label1\" content=\"Szacowany czas czytania\" \/>\n\t<meta name=\"twitter:data1\" content=\"1 minuta\" \/>\n<script type=\"application\/ld+json\" class=\"yoast-schema-graph\">{\"@context\":\"https:\/\/schema.org\",\"@graph\":[{\"@type\":\"WebPage\",\"@id\":\"https:\/\/roza-sobieszek.pl\/sklep\/produkt\/roza-pnaca-tchic-tchacoraducam\/\",\"url\":\"https:\/\/roza-sobieszek.pl\/sklep\/produkt\/roza-pnaca-tchic-tchacoraducam\/\",\"name\":\"R\u00f3\u017ca Pn\u0105ca TCHIC-TCHAC\u00ae ORADUCAM - R\u00f3\u017ce ogrodowe - Sklep Sobieszek producent\",\"isPartOf\":{\"@id\":\"https:\/\/roza-sobieszek.pl\/sklep\/#website\"},\"primaryImageOfPage\":{\"@id\":\"https:\/\/roza-sobieszek.pl\/sklep\/produkt\/roza-pnaca-tchic-tchacoraducam\/#primaryimage\"},\"image\":{\"@id\":\"https:\/\/roza-sobieszek.pl\/sklep\/produkt\/roza-pnaca-tchic-tchacoraducam\/#primaryimage\"},\"thumbnailUrl\":\"https:\/\/roza-sobieszek.pl\/sklep\/wp-content\/uploads\/2026\/02\/TCHIC-TCHAC-Oraducam-3.jpg\",\"datePublished\":\"2026-02-23T11:48:10+00:00\",\"dateModified\":\"2026-03-24T20:10:09+00:00\",\"description\":\"Jej kwiaty maj\u0105 g\u0142\u0119bok\u0105 czerwie\u0144 z domieszk\u0105 cynobru, s\u0105 pe\u0142ne i obficie kwitn\u0105 przez ca\u0142y sezon. Dodatkowo wydzielaj\u0105 intensywny, odurzaj\u0105cy zapach, kt\u00f3ry wype\u0142nia ogr\u00f3d aromatem i podkre\u015bla wizualne pi\u0119kno ro\u015bliny.\",\"breadcrumb\":{\"@id\":\"https:\/\/roza-sobieszek.pl\/sklep\/produkt\/roza-pnaca-tchic-tchacoraducam\/#breadcrumb\"},\"inLanguage\":\"pl-PL\",\"potentialAction\":[{\"@type\":\"ReadAction\",\"target\":[\"https:\/\/roza-sobieszek.pl\/sklep\/produkt\/roza-pnaca-tchic-tchacoraducam\/\"]}]},{\"@type\":\"ImageObject\",\"inLanguage\":\"pl-PL\",\"@id\":\"https:\/\/roza-sobieszek.pl\/sklep\/produkt\/roza-pnaca-tchic-tchacoraducam\/#primaryimage\",\"url\":\"https:\/\/roza-sobieszek.pl\/sklep\/wp-content\/uploads\/2026\/02\/TCHIC-TCHAC-Oraducam-3.jpg\",\"contentUrl\":\"https:\/\/roza-sobieszek.pl\/sklep\/wp-content\/uploads\/2026\/02\/TCHIC-TCHAC-Oraducam-3.jpg\",\"width\":2589,\"height\":2513},{\"@type\":\"BreadcrumbList\",\"@id\":\"https:\/\/roza-sobieszek.pl\/sklep\/produkt\/roza-pnaca-tchic-tchacoraducam\/#breadcrumb\",\"itemListElement\":[{\"@type\":\"ListItem\",\"position\":1,\"name\":\"Strona g\u0142\u00f3wna\",\"item\":\"https:\/\/roza-sobieszek.pl\/sklep\/\"},{\"@type\":\"ListItem\",\"position\":2,\"name\":\"Shop\",\"item\":\"https:\/\/roza-sobieszek.pl\/sklep\/shop\/\"},{\"@type\":\"ListItem\",\"position\":3,\"name\":\"R\u00f3\u017ca Pn\u0105ca TCHIC-TCHAC\u00ae ORADUCAM\"}]},{\"@type\":\"WebSite\",\"@id\":\"https:\/\/roza-sobieszek.pl\/sklep\/#website\",\"url\":\"https:\/\/roza-sobieszek.pl\/sklep\/\",\"name\":\"R\u00f3\u017ce ogrodowe - Sklep Sobieszek producent\",\"description\":\"\",\"publisher\":{\"@id\":\"https:\/\/roza-sobieszek.pl\/sklep\/#organization\"},\"potentialAction\":[{\"@type\":\"SearchAction\",\"target\":{\"@type\":\"EntryPoint\",\"urlTemplate\":\"https:\/\/roza-sobieszek.pl\/sklep\/?s={search_term_string}\"},\"query-input\":{\"@type\":\"PropertyValueSpecification\",\"valueRequired\":true,\"valueName\":\"search_term_string\"}}],\"inLanguage\":\"pl-PL\"},{\"@type\":\"Organization\",\"@id\":\"https:\/\/roza-sobieszek.pl\/sklep\/#organization\",\"name\":\"R\u00f3\u017ce ogrodowe - Sklep Sobieszek producent\",\"url\":\"https:\/\/roza-sobieszek.pl\/sklep\/\",\"logo\":{\"@type\":\"ImageObject\",\"inLanguage\":\"pl-PL\",\"@id\":\"https:\/\/roza-sobieszek.pl\/sklep\/#\/schema\/logo\/image\/\",\"url\":\"https:\/\/roza-sobieszek.pl\/sklep\/wp-content\/uploads\/2016\/08\/IMG_0358-1.jpg\",\"contentUrl\":\"https:\/\/roza-sobieszek.pl\/sklep\/wp-content\/uploads\/2016\/08\/IMG_0358-1.jpg\",\"width\":2048,\"height\":1365,\"caption\":\"R\u00f3\u017ce ogrodowe - Sklep Sobieszek producent\"},\"image\":{\"@id\":\"https:\/\/roza-sobieszek.pl\/sklep\/#\/schema\/logo\/image\/\"},\"sameAs\":[\"https:\/\/www.facebook.com\/profile.php?id=100063681485170\"]}]}<\/script>\n<!-- \/ Yoast SEO plugin. -->","yoast_head_json":{"title":"R\u00f3\u017ca Pn\u0105ca TCHIC-TCHAC\u00ae ORADUCAM - R\u00f3\u017ce ogrodowe - Sklep Sobieszek producent","description":"Jej kwiaty maj\u0105 g\u0142\u0119bok\u0105 czerwie\u0144 z domieszk\u0105 cynobru, s\u0105 pe\u0142ne i obficie kwitn\u0105 przez ca\u0142y sezon. Dodatkowo wydzielaj\u0105 intensywny, odurzaj\u0105cy zapach, kt\u00f3ry wype\u0142nia ogr\u00f3d aromatem i podkre\u015bla wizualne pi\u0119kno ro\u015bliny.","robots":{"index":"index","follow":"follow","max-snippet":"max-snippet:-1","max-image-preview":"max-image-preview:large","max-video-preview":"max-video-preview:-1"},"canonical":"https:\/\/roza-sobieszek.pl\/sklep\/produkt\/roza-pnaca-tchic-tchacoraducam\/","og_locale":"pl_PL","og_type":"article","og_title":"R\u00f3\u017ca Pn\u0105ca TCHIC-TCHAC\u00ae ORADUCAM - R\u00f3\u017ce ogrodowe - Sklep Sobieszek producent","og_description":"Jej kwiaty maj\u0105 g\u0142\u0119bok\u0105 czerwie\u0144 z domieszk\u0105 cynobru, s\u0105 pe\u0142ne i obficie kwitn\u0105 przez ca\u0142y sezon. Dodatkowo wydzielaj\u0105 intensywny, odurzaj\u0105cy zapach, kt\u00f3ry wype\u0142nia ogr\u00f3d aromatem i podkre\u015bla wizualne pi\u0119kno ro\u015bliny.","og_url":"https:\/\/roza-sobieszek.pl\/sklep\/produkt\/roza-pnaca-tchic-tchacoraducam\/","og_site_name":"R\u00f3\u017ce ogrodowe - Sklep Sobieszek producent","article_publisher":"https:\/\/www.facebook.com\/profile.php?id=100063681485170","article_modified_time":"2026-03-24T20:10:09+00:00","og_image":[{"width":2589,"height":2513,"url":"https:\/\/roza-sobieszek.pl\/sklep\/wp-content\/uploads\/2026\/02\/TCHIC-TCHAC-Oraducam-3.jpg","type":"image\/jpeg"}],"twitter_card":"summary_large_image","twitter_misc":{"Szacowany czas czytania":"1 minuta"},"schema":{"@context":"https:\/\/schema.org","@graph":[{"@type":"WebPage","@id":"https:\/\/roza-sobieszek.pl\/sklep\/produkt\/roza-pnaca-tchic-tchacoraducam\/","url":"https:\/\/roza-sobieszek.pl\/sklep\/produkt\/roza-pnaca-tchic-tchacoraducam\/","name":"R\u00f3\u017ca Pn\u0105ca TCHIC-TCHAC\u00ae ORADUCAM - R\u00f3\u017ce ogrodowe - Sklep Sobieszek producent","isPartOf":{"@id":"https:\/\/roza-sobieszek.pl\/sklep\/#website"},"primaryImageOfPage":{"@id":"https:\/\/roza-sobieszek.pl\/sklep\/produkt\/roza-pnaca-tchic-tchacoraducam\/#primaryimage"},"image":{"@id":"https:\/\/roza-sobieszek.pl\/sklep\/produkt\/roza-pnaca-tchic-tchacoraducam\/#primaryimage"},"thumbnailUrl":"https:\/\/roza-sobieszek.pl\/sklep\/wp-content\/uploads\/2026\/02\/TCHIC-TCHAC-Oraducam-3.jpg","datePublished":"2026-02-23T11:48:10+00:00","dateModified":"2026-03-24T20:10:09+00:00","description":"Jej kwiaty maj\u0105 g\u0142\u0119bok\u0105 czerwie\u0144 z domieszk\u0105 cynobru, s\u0105 pe\u0142ne i obficie kwitn\u0105 przez ca\u0142y sezon. Dodatkowo wydzielaj\u0105 intensywny, odurzaj\u0105cy zapach, kt\u00f3ry wype\u0142nia ogr\u00f3d aromatem i podkre\u015bla wizualne pi\u0119kno ro\u015bliny.","breadcrumb":{"@id":"https:\/\/roza-sobieszek.pl\/sklep\/produkt\/roza-pnaca-tchic-tchacoraducam\/#breadcrumb"},"inLanguage":"pl-PL","potentialAction":[{"@type":"ReadAction","target":["https:\/\/roza-sobieszek.pl\/sklep\/produkt\/roza-pnaca-tchic-tchacoraducam\/"]}]},{"@type":"ImageObject","inLanguage":"pl-PL","@id":"https:\/\/roza-sobieszek.pl\/sklep\/produkt\/roza-pnaca-tchic-tchacoraducam\/#primaryimage","url":"https:\/\/roza-sobieszek.pl\/sklep\/wp-content\/uploads\/2026\/02\/TCHIC-TCHAC-Oraducam-3.jpg","contentUrl":"https:\/\/roza-sobieszek.pl\/sklep\/wp-content\/uploads\/2026\/02\/TCHIC-TCHAC-Oraducam-3.jpg","width":2589,"height":2513},{"@type":"BreadcrumbList","@id":"https:\/\/roza-sobieszek.pl\/sklep\/produkt\/roza-pnaca-tchic-tchacoraducam\/#breadcrumb","itemListElement":[{"@type":"ListItem","position":1,"name":"Strona g\u0142\u00f3wna","item":"https:\/\/roza-sobieszek.pl\/sklep\/"},{"@type":"ListItem","position":2,"name":"Shop","item":"https:\/\/roza-sobieszek.pl\/sklep\/shop\/"},{"@type":"ListItem","position":3,"name":"R\u00f3\u017ca Pn\u0105ca TCHIC-TCHAC\u00ae ORADUCAM"}]},{"@type":"WebSite","@id":"https:\/\/roza-sobieszek.pl\/sklep\/#website","url":"https:\/\/roza-sobieszek.pl\/sklep\/","name":"R\u00f3\u017ce ogrodowe - Sklep Sobieszek producent","description":"","publisher":{"@id":"https:\/\/roza-sobieszek.pl\/sklep\/#organization"},"potentialAction":[{"@type":"SearchAction","target":{"@type":"EntryPoint","urlTemplate":"https:\/\/roza-sobieszek.pl\/sklep\/?s={search_term_string}"},"query-input":{"@type":"PropertyValueSpecification","valueRequired":true,"valueName":"search_term_string"}}],"inLanguage":"pl-PL"},{"@type":"Organization","@id":"https:\/\/roza-sobieszek.pl\/sklep\/#organization","name":"R\u00f3\u017ce ogrodowe - Sklep Sobieszek producent","url":"https:\/\/roza-sobieszek.pl\/sklep\/","logo":{"@type":"ImageObject","inLanguage":"pl-PL","@id":"https:\/\/roza-sobieszek.pl\/sklep\/#\/schema\/logo\/image\/","url":"https:\/\/roza-sobieszek.pl\/sklep\/wp-content\/uploads\/2016\/08\/IMG_0358-1.jpg","contentUrl":"https:\/\/roza-sobieszek.pl\/sklep\/wp-content\/uploads\/2016\/08\/IMG_0358-1.jpg","width":2048,"height":1365,"caption":"R\u00f3\u017ce ogrodowe - Sklep Sobieszek producent"},"image":{"@id":"https:\/\/roza-sobieszek.pl\/sklep\/#\/schema\/logo\/image\/"},"sameAs":["https:\/\/www.facebook.com\/profile.php?id=100063681485170"]}]}},"_links":{"self":[{"href":"https:\/\/roza-sobieszek.pl\/sklep\/wp-json\/wp\/v2\/product\/23289"}],"collection":[{"href":"https:\/\/roza-sobieszek.pl\/sklep\/wp-json\/wp\/v2\/product"}],"about":[{"href":"https:\/\/roza-sobieszek.pl\/sklep\/wp-json\/wp\/v2\/types\/product"}],"replies":[{"embeddable":true,"href":"https:\/\/roza-sobieszek.pl\/sklep\/wp-json\/wp\/v2\/comments?post=23289"}],"wp:featuredmedia":[{"embeddable":true,"href":"https:\/\/roza-sobieszek.pl\/sklep\/wp-json\/wp\/v2\/media\/23293"}],"wp:attachment":[{"href":"https:\/\/roza-sobieszek.pl\/sklep\/wp-json\/wp\/v2\/media?parent=23289"}],"wp:term":[{"taxonomy":"product_brand","embeddable":true,"href":"https:\/\/roza-sobieszek.pl\/sklep\/wp-json\/wp\/v2\/product_brand?post=23289"},{"taxonomy":"product_cat","embeddable":true,"href":"https:\/\/roza-sobieszek.pl\/sklep\/wp-json\/wp\/v2\/product_cat?post=23289"},{"taxonomy":"product_tag","embeddable":true,"href":"https:\/\/roza-sobieszek.pl\/sklep\/wp-json\/wp\/v2\/product_tag?post=23289"}],"curies":[{"name":"wp","href":"https:\/\/api.w.org\/{rel}","templated":true}]}}